Last updated on 2023-12-11 21:00:39 CET.
Flavor | Version | Tinstall | Tcheck | Ttotal | Status | Flags |
---|---|---|---|---|---|---|
r-devel-linux-x86_64-debian-clang | 2.1-5 | 26.45 | 384.38 | 410.83 | NOTE | |
r-devel-linux-x86_64-debian-gcc | 2.1-5 | 21.14 | 276.42 | 297.56 | NOTE | |
r-devel-linux-x86_64-fedora-clang | 2.1-5 | 510.11 | NOTE | |||
r-devel-linux-x86_64-fedora-gcc | 2.1-5 | 443.27 | NOTE | |||
r-devel-windows-x86_64 | 2.1-5 | 27.00 | 299.00 | 326.00 | OK | |
r-patched-linux-x86_64 | 2.1-5 | 30.03 | 361.04 | 391.07 | OK | |
r-release-linux-x86_64 | 2.1-5 | 25.54 | 363.58 | 389.12 | OK | |
r-release-macos-arm64 | 2.1-5 | 146.00 | OK | |||
r-release-macos-x86_64 | 2.1-5 | 217.00 | OK | |||
r-release-windows-x86_64 | 2.1-5 | 35.00 | 383.00 | 418.00 | OK | |
r-oldrel-macos-arm64 | 2.1-5 | 88.00 | NOTE | |||
r-oldrel-macos-x86_64 | 2.1-5 | 179.00 | NOTE | |||
r-oldrel-windows-x86_64 | 2.1-5 | 35.00 | 377.00 | 412.00 | OK |
Version: 2.1-5
Check: Rd files
Result: NOTE
checkRd: (-1) morsescales.Rd:13: Lost braces in \itemize; meant \describe ?
checkRd: (-1) morsescales.Rd:14: Lost braces in \itemize; meant \describe ?
checkRd: (-1) morsescales.Rd:15: Lost braces in \itemize; meant \describe ?
checkRd: (-1) morsescales.Rd:16: Lost braces in \itemize; meant \describe ?
checkRd: (-1) morsescales.Rd:17: Lost braces in \itemize; meant \describe ?
Flavors: r-devel-linux-x86_64-debian-clang, r-devel-linux-x86_64-debian-gcc
Version: 2.1-5
Check: data for non-ASCII characters
Result: NOTE
Note: found 15 marked Latin-1 strings
Note: found 2 marked UTF-8 strings
Flavors: r-devel-linux-x86_64-fedora-clang, r-devel-linux-x86_64-fedora-gcc, r-oldrel-macos-arm64, r-oldrel-macos-x86_64