CRAN Package Check Results for Package sloop

Last updated on 2022-06-28 15:53:28 CEST.

Flavor Version Tinstall Tcheck Ttotal Status Flags
r-devel-linux-x86_64-debian-clang 1.0.1 3.14 33.21 36.35 NOTE
r-devel-linux-x86_64-debian-gcc 1.0.1 2.31 25.76 28.07 NOTE
r-devel-linux-x86_64-fedora-clang 1.0.1 55.22 NOTE
r-devel-linux-x86_64-fedora-gcc 1.0.1 55.17 NOTE
r-devel-windows-x86_64 1.0.1 14.00 59.00 73.00 NOTE
r-patched-linux-x86_64 1.0.1 2.60 32.52 35.12 NOTE
r-release-linux-x86_64 1.0.1 2.49 32.70 35.19 NOTE
r-release-macos-arm64 1.0.1 19.00 NOTE
r-release-macos-x86_64 1.0.1 26.00 NOTE
r-release-windows-x86_64 1.0.1 12.00 59.00 71.00 NOTE
r-oldrel-macos-arm64 1.0.1 21.00 NOTE
r-oldrel-macos-x86_64 1.0.1 29.00 NOTE
r-oldrel-windows-ix86+x86_64 1.0.1 7.00 53.00 60.00 NOTE

Check Details

Version: 1.0.1
Check: LazyData
Result: NOTE
     'LazyData' is specified without a 'data' directory
Flavors: r-devel-linux-x86_64-debian-clang, r-devel-linux-x86_64-debian-gcc, r-devel-linux-x86_64-fedora-clang, r-devel-linux-x86_64-fedora-gcc, r-devel-windows-x86_64, r-patched-linux-x86_64, r-release-linux-x86_64, r-release-macos-arm64, r-release-macos-x86_64, r-release-windows-x86_64, r-oldrel-macos-arm64, r-oldrel-macos-x86_64, r-oldrel-windows-ix86+x86_64