CRAN Package Check Results for Package sloop

Last updated on 2023-02-06 09:55:58 CET.

Flavor Version Tinstall Tcheck Ttotal Status Flags
r-devel-linux-x86_64-debian-clang 1.0.1 2.79 33.17 35.96 NOTE
r-devel-linux-x86_64-debian-gcc 1.0.1 2.57 25.87 28.44 NOTE
r-devel-linux-x86_64-fedora-clang 1.0.1 48.46 NOTE
r-devel-linux-x86_64-fedora-gcc 1.0.1 44.89 NOTE
r-devel-windows-x86_64 1.0.1 12.00 64.00 76.00 NOTE
r-patched-linux-x86_64 1.0.1 2.08 32.15 34.23 NOTE
r-release-linux-x86_64 1.0.1 2.91 33.75 36.66 NOTE
r-release-macos-arm64 1.0.1 19.00 NOTE
r-release-macos-x86_64 1.0.1 26.00 NOTE
r-release-windows-x86_64 1.0.1 13.00 66.00 79.00 NOTE
r-oldrel-macos-arm64 1.0.1 21.00 NOTE
r-oldrel-macos-x86_64 1.0.1 29.00 NOTE
r-oldrel-windows-ix86+x86_64 1.0.1 7.00 64.00 71.00 NOTE

Check Details

Version: 1.0.1
Check: LazyData
Result: NOTE
     'LazyData' is specified without a 'data' directory
Flavors: r-devel-linux-x86_64-debian-clang, r-devel-linux-x86_64-debian-gcc, r-devel-linux-x86_64-fedora-clang, r-devel-linux-x86_64-fedora-gcc, r-devel-windows-x86_64, r-patched-linux-x86_64, r-release-linux-x86_64, r-release-macos-arm64, r-release-macos-x86_64, r-release-windows-x86_64, r-oldrel-macos-arm64, r-oldrel-macos-x86_64, r-oldrel-windows-ix86+x86_64