Last updated on 2023-06-09 11:57:37 CEST.
Flavor | Version | Tinstall | Tcheck | Ttotal | Status | Flags |
---|---|---|---|---|---|---|
r-devel-linux-x86_64-debian-clang | 0.3.0 | 10.50 | 115.55 | 126.05 | NOTE | |
r-devel-linux-x86_64-debian-gcc | 0.3.0 | 8.64 | 85.69 | 94.33 | NOTE | |
r-devel-linux-x86_64-fedora-clang | 0.3.0 | 153.73 | NOTE | |||
r-devel-linux-x86_64-fedora-gcc | 0.3.0 | 162.77 | NOTE | |||
r-devel-windows-x86_64 | 0.3.0 | 17.00 | 107.00 | 124.00 | NOTE | |
r-patched-linux-x86_64 | 0.3.0 | 10.13 | 112.07 | 122.20 | NOTE | |
r-release-linux-x86_64 | 0.3.0 | 9.86 | 108.40 | 118.26 | NOTE | |
r-release-macos-arm64 | 0.3.0 | 57.00 | NOTE | |||
r-release-macos-x86_64 | 0.3.0 | 86.00 | NOTE | |||
r-release-windows-x86_64 | 0.3.0 | 17.00 | 130.00 | 147.00 | NOTE | |
r-oldrel-macos-arm64 | 0.3.0 | 50.00 | OK | |||
r-oldrel-macos-x86_64 | 0.3.0 | 67.00 | OK | |||
r-oldrel-windows-x86_64 | 0.3.0 | 16.00 | 125.00 | 141.00 | OK |
Version: 0.3.0
Check: C++ specification
Result: NOTE
Specified C++11: please drop specification unless essential
Flavors: r-devel-linux-x86_64-debian-clang, r-devel-linux-x86_64-debian-gcc, r-devel-linux-x86_64-fedora-clang, r-devel-linux-x86_64-fedora-gcc, r-devel-windows-x86_64, r-patched-linux-x86_64, r-release-linux-x86_64, r-release-macos-arm64, r-release-macos-x86_64, r-release-windows-x86_64