CRAN Package Check Results for Package slider

Last updated on 2023-10-04 14:04:01 CEST.

Flavor Version Tinstall Tcheck Ttotal Status Flags
r-devel-linux-x86_64-debian-clang 0.3.0 12.54 122.27 134.81 NOTE
r-devel-linux-x86_64-debian-gcc 0.3.0 9.39 90.28 99.67 NOTE
r-devel-linux-x86_64-fedora-clang 0.3.0 169.34 NOTE
r-devel-linux-x86_64-fedora-gcc 0.3.0 179.60 NOTE
r-devel-windows-x86_64 0.3.0 16.00 114.00 130.00 NOTE
r-patched-linux-x86_64 0.3.0 13.04 120.47 133.51 NOTE
r-release-linux-x86_64 0.3.0 11.63 119.74 131.37 NOTE
r-release-macos-arm64 0.3.0 57.00 NOTE
r-release-macos-x86_64 0.3.0 86.00 NOTE
r-release-windows-x86_64 0.3.0 21.00 137.00 158.00 NOTE
r-oldrel-macos-arm64 0.3.0 50.00 OK
r-oldrel-macos-x86_64 0.3.0 67.00 OK
r-oldrel-windows-x86_64 0.3.0 18.00 137.00 155.00 OK

Check Details

Version: 0.3.0
Check: C++ specification
Result: NOTE
     Specified C++11: please drop specification unless essential
Flavors: r-devel-linux-x86_64-debian-clang, r-devel-linux-x86_64-debian-gcc, r-devel-linux-x86_64-fedora-clang, r-devel-linux-x86_64-fedora-gcc, r-devel-windows-x86_64, r-patched-linux-x86_64, r-release-linux-x86_64, r-release-macos-arm64, r-release-macos-x86_64, r-release-windows-x86_64