CRAN Package Check Results for Package slider

Last updated on 2024-07-14 08:48:35 CEST.

Flavor Version Tinstall Tcheck Ttotal Status Flags
r-devel-linux-x86_64-debian-clang 0.3.1 11.19 123.86 135.05 NOTE
r-devel-linux-x86_64-debian-gcc 0.3.1 8.41 89.14 97.55 NOTE
r-devel-linux-x86_64-fedora-clang 0.3.1 171.99 NOTE
r-devel-linux-x86_64-fedora-gcc 0.3.1 174.83 NOTE
r-devel-windows-x86_64 0.3.1 15.00 113.00 128.00 NOTE
r-patched-linux-x86_64 0.3.1 11.79 116.49 128.28 OK
r-release-linux-x86_64 0.3.1 8.54 116.19 124.73 OK
r-release-macos-arm64 0.3.1 55.00 OK
r-release-macos-x86_64 0.3.1 102.00 OK
r-release-windows-x86_64 0.3.1 17.00 114.00 131.00 OK
r-oldrel-macos-arm64 0.3.1 60.00 OK
r-oldrel-macos-x86_64 0.3.1 146.00 OK
r-oldrel-windows-x86_64 0.3.1 18.00 140.00 158.00 OK

Check Details

Version: 0.3.1
Check: compiled code
Result: NOTE File ‘slider/libs/slider.so’: Found non-API call to R: ‘STRING_PTR’ Compiled code should not call non-API entry points in R. See ‘Writing portable packages’ in the ‘Writing R Extensions’ manual, and section ‘Moving into C API compliance’ for issues with the use of non-API entry points. Flavors: r-devel-linux-x86_64-debian-clang, r-devel-linux-x86_64-debian-gcc, r-devel-linux-x86_64-fedora-clang, r-devel-linux-x86_64-fedora-gcc

Version: 0.3.1
Check: compiled code
Result: NOTE File 'slider/libs/x64/slider.dll': Found non-API call to R: 'STRING_PTR' Compiled code should not call non-API entry points in R. See 'Writing portable packages' in the 'Writing R Extensions' manual, and section 'Moving into C API compliance' for issues with the use of non-API entry points. Flavor: r-devel-windows-x86_64