Last updated on 2022-07-03 16:50:25 CEST.
Flavor | Version | Tinstall | Tcheck | Ttotal | Status | Flags |
---|---|---|---|---|---|---|
r-devel-linux-x86_64-debian-clang | 0.1.0 | 5.63 | 69.42 | 75.05 | NOTE | |
r-devel-linux-x86_64-debian-gcc | 0.1.0 | 4.63 | 52.67 | 57.30 | NOTE | |
r-devel-linux-x86_64-fedora-clang | 0.1.0 | 97.58 | NOTE | |||
r-devel-linux-x86_64-fedora-gcc | 0.1.0 | 98.77 | NOTE | |||
r-devel-windows-x86_64 | 0.1.0 | 18.00 | 96.00 | 114.00 | NOTE | |
r-patched-linux-x86_64 | 0.1.0 | 5.53 | 66.48 | 72.01 | OK | |
r-release-linux-x86_64 | 0.1.0 | 5.83 | 66.96 | 72.79 | OK | |
r-release-macos-arm64 | 0.1.0 | 37.00 | OK | |||
r-release-macos-x86_64 | 0.1.0 | 45.00 | OK | |||
r-release-windows-x86_64 | 0.1.0 | 19.00 | 102.00 | 121.00 | OK | |
r-oldrel-macos-arm64 | 0.1.0 | 42.00 | OK | |||
r-oldrel-macos-x86_64 | 0.1.0 | 64.00 | OK | |||
r-oldrel-windows-ix86+x86_64 | 0.1.0 | 10.00 | 92.00 | 102.00 | OK |
Version: 0.1.0
Check: Rd files
Result: NOTE
checkRd: (-1) lymphoma.Rd:23: Escaped LaTeX specials: \&
checkRd: (-1) roadwear.Rd:26: Escaped LaTeX specials: \&
Flavors: r-devel-linux-x86_64-debian-clang, r-devel-linux-x86_64-debian-gcc, r-devel-linux-x86_64-fedora-clang, r-devel-linux-x86_64-fedora-gcc, r-devel-windows-x86_64