CRAN Package Check Results for Package slga

Last updated on 2021-08-05 10:52:13 CEST.

Flavor Version Tinstall Tcheck Ttotal Status Flags
r-devel-linux-x86_64-debian-clang 1.2.0 12.75 123.76 136.51 OK
r-devel-linux-x86_64-debian-gcc 1.2.0 9.02 91.57 100.59 OK
r-devel-linux-x86_64-fedora-clang 1.2.0 171.45 OK
r-devel-linux-x86_64-fedora-gcc 1.2.0 161.64 OK
r-devel-windows-x86_64 1.2.0 18.00 116.00 134.00 OK
r-devel-windows-x86_64-gcc10-UCRT 1.2.0 ERROR
r-patched-linux-x86_64 1.2.0 9.99 118.82 128.81 OK
r-patched-solaris-x86 1.2.0 226.20 OK
r-release-linux-x86_64 1.2.0 10.15 116.09 126.24 OK
r-release-macos-arm64 1.2.0 OK
r-release-macos-x86_64 1.2.0 OK
r-release-windows-ix86+x86_64 1.2.0 27.00 140.00 167.00 OK
r-oldrel-macos-x86_64 1.2.0 OK
r-oldrel-windows-ix86+x86_64 1.2.0 36.00 149.00 185.00 OK

Check Details

Version: 1.2.0
Check: package dependencies
Result: ERROR
    Package required but not available: 'sf'
    
    Packages suggested but not available for checking: 'pkgdown', 'testthat'
    
    See section 'The DESCRIPTION file' in the 'Writing R Extensions'
    manual.
Flavor: r-devel-windows-x86_64-gcc10-UCRT