CRAN Package Check Results for Package skm

Last updated on 2020-04-05 05:47:27 CEST.

Flavor Version Tinstall Tcheck Ttotal Status Flags
r-devel-linux-x86_64-debian-clang 0.1.5.4 79.45 555.47 634.92 NOTE
r-devel-linux-x86_64-debian-gcc 0.1.5.4 54.91 361.11 416.02 NOTE
r-devel-linux-x86_64-fedora-clang 0.1.5.4 730.18 NOTE
r-devel-linux-x86_64-fedora-gcc 0.1.5.4 675.58 NOTE
r-devel-windows-ix86+x86_64 0.1.5.4 146.00 95.00 241.00 NOTE --no-vignettes
r-devel-windows-ix86+x86_64-gcc8 0.1.5.4 155.00 69.00 224.00 NOTE --no-vignettes
r-patched-linux-x86_64 0.1.5.4 65.58 448.07 513.65 NOTE
r-patched-solaris-x86 0.1.5.4 2036.70 WARN
r-release-linux-x86_64 0.1.5.4 61.50 457.38 518.88 NOTE
r-release-windows-ix86+x86_64 0.1.5.4 157.00 101.00 258.00 NOTE --no-vignettes
r-release-osx-x86_64 0.1.5.4 FAIL
r-oldrel-windows-ix86+x86_64 0.1.5.4 173.00 61.00 234.00 NOTE --no-vignettes
r-oldrel-osx-x86_64 0.1.5.4 FAIL

Check Details

Version: 0.1.5.4
Check: for GNU extensions in Makefiles
Result: NOTE
    GNU make is a SystemRequirements.
Flavors: r-devel-linux-x86_64-debian-clang, r-devel-linux-x86_64-debian-gcc, r-devel-linux-x86_64-fedora-clang, r-devel-linux-x86_64-fedora-gcc, r-patched-linux-x86_64, r-patched-solaris-x86, r-release-linux-x86_64, r-release-osx-x86_64, r-oldrel-osx-x86_64

Version: 0.1.5.4
Check: installed package size
Result: NOTE
     installed size is 7.1Mb
     sub-directories of 1Mb or more:
     doc 1.1Mb
     libs 4.9Mb
Flavors: r-devel-linux-x86_64-fedora-clang, r-release-osx-x86_64, r-oldrel-osx-x86_64

Version: 0.1.5.4
Check: compiled code
Result: NOTE
    File ‘skm/libs/skm.so’:
     Found no calls to: ‘R_registerRoutines’, ‘R_useDynamicSymbols’
    
    It is good practice to register native routines and to disable symbol
    search.
    
    See ‘Writing portable packages’ in the ‘Writing R Extensions’ manual.
Flavors: r-devel-linux-x86_64-fedora-clang, r-devel-linux-x86_64-fedora-gcc

Version: 0.1.5.4
Flags: --no-vignettes
Check: for GNU extensions in Makefiles
Result: NOTE
    GNU make is a SystemRequirements.
Flavors: r-devel-windows-ix86+x86_64, r-devel-windows-ix86+x86_64-gcc8, r-release-windows-ix86+x86_64, r-oldrel-windows-ix86+x86_64

Version: 0.1.5.4
Check: re-building of vignette outputs
Result: WARN
    Error(s) in re-building vignettes:
     ...
    --- re-building ‘skm-vignettes.Rmd’ using rmarkdown
    Warning in engine$weave(file, quiet = quiet, encoding = enc) :
     Pandoc (>= 1.12.3) and/or pandoc-citeproc not available. Falling back to R Markdown v1.
    Loading required package: magrittr
    Loading required package: data.table
    skm_mls: skm solver via skm_mls_cpp ...
    
    skm_mls: auto_create g w.r.t first letter of s_name.
    
    skm_mls: optimizing on k <1> ...
    
    skm_mls: optimizing on k <1> ... done.
    
    skm_mls: optimizing on k <2> ...
    
    skm_mls: set extra runs based on previous optim s ...
    
    skm_mls: set extra runs based on previous optim s ... done.
    
    skm_mls: optimizing on k <2> ... done.
    
    skm_mls: optimizing on k <3> ...
    
    skm_mls: set extra runs based on previous optim s ...
    
    skm_mls: set extra runs based on previous optim s ... done.
    
    skm_mls: optimizing on k <3> ... done.
    
    skm_mls: optimizing on k <4> ...
    
    skm_mls: set extra runs based on previous optim s ...
    
    skm_mls: set extra runs based on previous optim s ... done.
    
    skm_mls: optimizing on k <4> ... done.
    
    skm_mls: optimizing on k <5> ...
    
    skm_mls: set extra runs based on previous optim s ...
    
    skm_mls: set extra runs based on previous optim s ... done.
    
    skm_mls: optimizing on k <5> ... done.
    
    skm_mls: optimizing on k <6> ...
    
    skm_mls: set extra runs based on previous optim s ...
    
    skm_mls: set extra runs based on previous optim s ... done.
    
    skm_mls: optimizing on k <6> ... done.
    
    skm_mls: optimizing on k <7> ...
    
    skm_mls: set extra runs based on previous optim s ...
    
    skm_mls: encounter better solution at jk <7> run based on previous optim s ...
    
    skm_mls: set extra runs based on previous optim s ... done.
    
    skm_mls: optimizing on k <7> ... done.
    
    skm_mls: optimizing on k <8> ...
    
    skm_mls: set extra runs based on previous optim s ...
    
    skm_mls: encounter better solution at jk <3> run based on previous optim s ...
    
    skm_mls: encounter better solution at jk <5> run based on previous optim s ...
Flavor: r-patched-solaris-x86

Version: 0.1.5.4
Check: re-building of vignette outputs
Result: FAIL
Flavors: r-release-osx-x86_64, r-oldrel-osx-x86_64