CRAN Package Check Results for Package sketcher

Last updated on 2020-08-03 22:50:47 CEST.

Flavor Version Tinstall Tcheck Ttotal Status Flags
r-devel-linux-x86_64-debian-clang 0.1.3 3.98 27.98 31.96 OK
r-devel-linux-x86_64-debian-gcc 0.1.3 3.54 22.06 25.60 OK
r-devel-linux-x86_64-fedora-clang 0.1.3 49.08 NOTE
r-devel-linux-x86_64-fedora-gcc 0.1.3 39.83 NOTE
r-devel-windows-ix86+x86_64 0.1.3 15.00 39.00 54.00 OK
r-patched-linux-x86_64 0.1.3 4.21 28.13 32.34 OK
r-patched-solaris-x86 0.1.3 60.60 NOTE
r-release-linux-x86_64 0.1.3 4.07 28.18 32.25 OK
r-release-macos-x86_64 0.1.3 NOTE
r-release-windows-ix86+x86_64 0.1.3 16.00 44.00 60.00 OK
r-oldrel-macos-x86_64 0.1.3 NOTE
r-oldrel-windows-ix86+x86_64 0.1.3 7.00 36.00 43.00 OK

Check Details

Version: 0.1.3
Check: dependencies in R code
Result: NOTE
    Namespaces in Imports field not imported from:
     ‘dplyr’ ‘methods’
     All declared Imports should be used.
Flavors: r-devel-linux-x86_64-fedora-clang, r-devel-linux-x86_64-fedora-gcc, r-patched-solaris-x86, r-release-macos-x86_64, r-oldrel-macos-x86_64