Last updated on 2022-06-25 09:53:55 CEST.
Flavor | Version | Tinstall | Tcheck | Ttotal | Status | Flags |
---|---|---|---|---|---|---|
r-devel-linux-x86_64-debian-clang | 1.0.4 | 9.14 | 118.89 | 128.03 | NOTE | |
r-devel-linux-x86_64-debian-gcc | 1.0.4 | 6.81 | 85.94 | 92.75 | NOTE | |
r-devel-linux-x86_64-fedora-clang | 1.0.4 | 155.96 | NOTE | |||
r-devel-linux-x86_64-fedora-gcc | 1.0.4 | 157.12 | NOTE | |||
r-devel-windows-x86_64 | 1.0.4 | 51.00 | 144.00 | 195.00 | NOTE | |
r-patched-linux-x86_64 | 1.0.4 | 9.25 | 112.63 | 121.88 | OK | |
r-release-linux-x86_64 | 1.0.4 | 5.57 | 112.72 | 118.29 | OK | |
r-release-macos-arm64 | 1.0.4 | 45.00 | NOTE | |||
r-release-macos-x86_64 | 1.0.4 | 72.00 | NOTE | |||
r-release-windows-x86_64 | 1.0.4 | 68.00 | 151.00 | 219.00 | OK | |
r-oldrel-macos-arm64 | 1.0.4 | 36.00 | NOTE | |||
r-oldrel-macos-x86_64 | 1.0.4 | 63.00 | NOTE | |||
r-oldrel-windows-ix86+x86_64 | 1.0.4 | 15.00 | 148.00 | 163.00 | OK |
Version: 1.0.4
Check: Rd files
Result: NOTE
checkRd: (-1) diblasi_bowman.Rd:96: Escaped LaTeX specials: \&
Flavors: r-devel-linux-x86_64-debian-clang, r-devel-linux-x86_64-debian-gcc, r-devel-linux-x86_64-fedora-clang, r-devel-linux-x86_64-fedora-gcc, r-devel-windows-x86_64
Version: 1.0.4
Check: dependencies in R code
Result: NOTE
Namespaces in Imports field not imported from:
‘CompQuadForm’ ‘boot’ ‘mvtnorm’
All declared Imports should be used.
Flavors: r-devel-linux-x86_64-fedora-clang, r-devel-linux-x86_64-fedora-gcc, r-release-macos-arm64, r-release-macos-x86_64, r-oldrel-macos-arm64, r-oldrel-macos-x86_64