CRAN Package Check Results for Package sjPlot

Last updated on 2020-04-05 05:47:27 CEST.

Flavor Version Tinstall Tcheck Ttotal Status Flags
r-devel-linux-x86_64-debian-clang 2.8.3 29.42 511.84 541.26 NOTE
r-devel-linux-x86_64-debian-gcc 2.8.3 20.73 388.43 409.16 NOTE
r-devel-linux-x86_64-fedora-clang 2.8.3 618.18 NOTE
r-devel-linux-x86_64-fedora-gcc 2.8.3 613.70 NOTE
r-devel-windows-ix86+x86_64 2.8.3 45.00 422.00 467.00 OK
r-devel-windows-ix86+x86_64-gcc8 2.8.3 44.00 478.00 522.00 OK
r-patched-linux-x86_64 2.8.3 25.39 487.82 513.21 NOTE
r-patched-solaris-x86 2.8.3 795.90 NOTE
r-release-linux-x86_64 2.8.3 27.92 470.96 498.88 NOTE
r-release-windows-ix86+x86_64 2.8.3 43.00 629.00 672.00 OK
r-release-osx-x86_64 2.8.3 OK
r-oldrel-windows-ix86+x86_64 2.8.3 33.00 468.00 501.00 OK
r-oldrel-osx-x86_64 2.8.3 OK

Check Details

Version: 2.8.3
Check: package dependencies
Result: NOTE
    Package suggested but not available for checking: 'Zelig'
Flavors: r-devel-linux-x86_64-debian-clang, r-devel-linux-x86_64-debian-gcc, r-devel-linux-x86_64-fedora-clang, r-devel-linux-x86_64-fedora-gcc, r-patched-solaris-x86, r-release-linux-x86_64

Version: 2.8.3
Check: package dependencies
Result: NOTE
    Packages suggested but not available for checking: 'rstanarm', 'Zelig'
Flavor: r-patched-linux-x86_64