CRAN Package Check Results for Package sistec

Last updated on 2024-03-01 16:49:33 CET.

Flavor Version Tinstall Tcheck Ttotal Status Flags
r-devel-linux-x86_64-debian-clang 0.2.0 8.94 61.34 70.28 NOTE
r-devel-linux-x86_64-debian-gcc 0.2.0 6.59 46.76 53.35 NOTE
r-devel-linux-x86_64-fedora-clang 0.2.0 92.99 NOTE
r-devel-linux-x86_64-fedora-gcc 0.2.0 93.47 NOTE
r-devel-windows-x86_64 0.2.0 8.00 64.00 72.00 NOTE
r-patched-linux-x86_64 0.2.0 7.44 59.16 66.60 NOTE
r-release-linux-x86_64 0.2.0 5.57 59.54 65.11 NOTE
r-release-macos-arm64 0.2.0 32.00 NOTE
r-release-macos-x86_64 0.2.0 49.00 NOTE
r-release-windows-x86_64 0.2.0 11.00 76.00 87.00 NOTE
r-oldrel-macos-arm64 0.2.0 30.00 NOTE
r-oldrel-windows-x86_64 0.2.0 12.00 81.00 93.00 NOTE

Check Details

Version: 0.2.0
Check: LazyData
Result: NOTE 'LazyData' is specified without a 'data' directory Flavors: r-devel-linux-x86_64-debian-clang, r-devel-linux-x86_64-debian-gcc, r-devel-linux-x86_64-fedora-clang, r-devel-linux-x86_64-fedora-gcc, r-devel-windows-x86_64, r-patched-linux-x86_64, r-release-linux-x86_64, r-release-macos-arm64, r-release-macos-x86_64, r-release-windows-x86_64, r-oldrel-macos-arm64, r-oldrel-windows-x86_64

Version: 0.2.0
Check: dependencies in R code
Result: NOTE Namespace in Imports field not imported from: ‘stringi’ All declared Imports should be used. Flavors: r-devel-linux-x86_64-fedora-clang, r-devel-linux-x86_64-fedora-gcc, r-oldrel-macos-arm64