CRAN Package Check Results for Package sisal

Last updated on 2019-03-20 01:51:11 CET.

Flavor Version Tinstall Tcheck Ttotal Status Flags
r-devel-linux-x86_64-debian-clang 0.46 14.09 112.19 126.28 OK
r-devel-linux-x86_64-debian-gcc 0.46 12.18 84.88 97.06 OK
r-devel-linux-x86_64-fedora-clang 0.46 149.39 OK
r-devel-linux-x86_64-fedora-gcc 0.46 142.41 OK
r-devel-windows-ix86+x86_64 0.46 29.00 154.00 183.00 OK
r-patched-linux-x86_64 0.46 13.09 105.19 118.28 OK
r-patched-solaris-x86 0.46 196.80 OK
r-release-linux-x86_64 0.46 10.83 103.90 114.73 OK
r-release-windows-ix86+x86_64 0.46 21.00 142.00 163.00 OK
r-release-osx-x86_64 0.46 OK
r-oldrel-windows-ix86+x86_64 0.46 10.00 169.00 179.00 OK
r-oldrel-osx-x86_64 0.46 NOTE

Check Details

Version: 0.46
Check: package dependencies
Result: NOTE
    Packages suggested but not available for checking: ‘graph’ ‘Rgraphviz’
Flavor: r-oldrel-osx-x86_64

Version: 0.46
Check: Rd cross-references
Result: NOTE
    Packages unavailable to check Rd xrefs: ‘Rgraphviz’, ‘graph’
Flavor: r-oldrel-osx-x86_64