CRAN Package Check Results for Package singR

Last updated on 2024-02-26 07:50:14 CET.

Flavor Version Tinstall Tcheck Ttotal Status Flags
r-devel-linux-x86_64-debian-clang 0.1.2 54.84 152.08 206.92 OK
r-devel-linux-x86_64-debian-gcc 0.1.2 43.82 107.82 151.64 OK
r-devel-linux-x86_64-fedora-clang 0.1.2 269.88 OK
r-devel-linux-x86_64-fedora-gcc 0.1.2 265.41 OK
r-devel-windows-x86_64 0.1.2 47.00 147.00 194.00 OK
r-patched-linux-x86_64 0.1.2 54.07 138.91 192.98 OK
r-release-linux-x86_64 0.1.2 53.04 139.36 192.40 OK
r-release-macos-arm64 0.1.2 66.00 NOTE
r-release-macos-x86_64 0.1.2 117.00 NOTE
r-release-windows-x86_64 0.1.2 59.00 180.00 239.00 OK
r-oldrel-macos-arm64 0.1.2 72.00 NOTE
r-oldrel-windows-x86_64 0.1.2 54.00 174.00 228.00 OK

Check Details

Version: 0.1.2
Check: installed package size
Result: NOTE installed size is 5.4Mb sub-directories of 1Mb or more: data 2.3Mb libs 2.7Mb Flavors: r-release-macos-arm64, r-release-macos-x86_64, r-oldrel-macos-arm64