Last updated on 2023-03-26 12:55:25 CEST.
Flavor | Version | Tinstall | Tcheck | Ttotal | Status | Flags |
---|---|---|---|---|---|---|
r-devel-linux-x86_64-debian-clang | 0.1.1 | 53.70 | 149.96 | 203.66 | NOTE | |
r-devel-linux-x86_64-debian-gcc | 0.1.1 | 43.02 | 108.50 | 151.52 | NOTE | |
r-devel-linux-x86_64-fedora-clang | 0.1.1 | 288.25 | NOTE | |||
r-devel-linux-x86_64-fedora-gcc | 0.1.1 | 253.57 | NOTE | |||
r-patched-linux-x86_64 | 0.1.1 | 40.93 | 137.41 | 178.34 | NOTE | |
r-release-linux-x86_64 | 0.1.1 | 35.27 | 134.54 | 169.81 | OK | |
r-release-macos-arm64 | 0.1.1 | 68.00 | NOTE | |||
r-release-macos-x86_64 | 0.1.1 | 93.00 | NOTE | |||
r-release-windows-x86_64 | 0.1.1 | 61.00 | 200.00 | 261.00 | OK | |
r-oldrel-macos-arm64 | 0.1.1 | 64.00 | NOTE | |||
r-oldrel-macos-x86_64 | 0.1.1 | 101.00 | NOTE | |||
r-oldrel-windows-ix86+x86_64 | 0.1.1 | 129.00 | 240.00 | 369.00 | NOTE |
Version: 0.1.1
Check: C++ specification
Result: NOTE
Specified C++11: please drop specification unless essential
Flavors: r-devel-linux-x86_64-debian-clang, r-devel-linux-x86_64-debian-gcc, r-devel-linux-x86_64-fedora-clang, r-devel-linux-x86_64-fedora-gcc, r-patched-linux-x86_64
Version: 0.1.1
Check: installed package size
Result: NOTE
installed size is 5.5Mb
sub-directories of 1Mb or more:
data 2.3Mb
libs 2.9Mb
Flavors: r-release-macos-arm64, r-release-macos-x86_64, r-oldrel-macos-arm64, r-oldrel-macos-x86_64, r-oldrel-windows-ix86+x86_64