Last updated on 2023-06-07 14:00:49 CEST.
Flavor | Version | Tinstall | Tcheck | Ttotal | Status | Flags |
---|---|---|---|---|---|---|
r-devel-linux-x86_64-debian-clang | 0.2.1 | 501.97 | 151.00 | 652.97 | NOTE | |
r-devel-linux-x86_64-debian-gcc | 0.2.1 | 380.59 | 112.42 | 493.01 | NOTE | |
r-devel-linux-x86_64-fedora-clang | 0.2.1 | 1009.76 | NOTE | |||
r-devel-linux-x86_64-fedora-gcc | 0.2.1 | 1000.99 | NOTE | |||
r-devel-windows-x86_64 | 0.2.1 | 357.00 | 194.00 | 551.00 | NOTE | |
r-patched-linux-x86_64 | 0.2.1 | 338.45 | 143.84 | 482.29 | NOTE | |
r-release-linux-x86_64 | 0.2.1 | 317.70 | 143.80 | 461.50 | NOTE | |
r-release-macos-arm64 | 0.2.1 | 214.00 | NOTE | |||
r-release-macos-x86_64 | 0.2.1 | 371.00 | NOTE | |||
r-release-windows-x86_64 | 0.2.1 | 491.00 | 224.00 | 715.00 | NOTE | |
r-oldrel-macos-arm64 | 0.2.1 | 177.00 | NOTE | |||
r-oldrel-macos-x86_64 | 0.2.1 | 243.00 | NOTE | |||
r-oldrel-windows-x86_64 | 0.2.1 | 484.00 | 170.00 | 654.00 | OK |
Version: 0.2.1
Check: C++ specification
Result: NOTE
Specified C++11: please drop specification unless essential
Flavors: r-devel-linux-x86_64-debian-clang, r-devel-linux-x86_64-debian-gcc, r-devel-linux-x86_64-fedora-clang, r-devel-linux-x86_64-fedora-gcc, r-devel-windows-x86_64, r-patched-linux-x86_64, r-release-linux-x86_64, r-release-macos-arm64, r-release-macos-x86_64, r-release-windows-x86_64
Version: 0.2.1
Check: installed package size
Result: NOTE
installed size is 24.5Mb
sub-directories of 1Mb or more:
doc 1.5Mb
libs 22.1Mb
Flavors: r-release-macos-arm64, r-release-macos-x86_64, r-oldrel-macos-arm64, r-oldrel-macos-x86_64