CRAN Package Check Results for Package simtimer

Last updated on 2024-02-25 09:53:37 CET.

Flavor Version Tinstall Tcheck Ttotal Status Flags
r-devel-linux-x86_64-debian-clang 4.0.0 2.06 25.34 27.40 NOTE
r-devel-linux-x86_64-debian-gcc 4.0.0 1.64 19.79 21.43 NOTE
r-devel-linux-x86_64-fedora-clang 4.0.0 34.71 NOTE
r-devel-linux-x86_64-fedora-gcc 4.0.0 48.78 NOTE
r-devel-windows-x86_64 4.0.0 2.00 43.00 45.00 NOTE
r-patched-linux-x86_64 4.0.0 1.66 24.74 26.40 NOTE
r-release-linux-x86_64 4.0.0 1.70 24.49 26.19 NOTE
r-release-macos-arm64 4.0.0 23.00 NOTE
r-release-macos-x86_64 4.0.0 32.00 NOTE
r-release-windows-x86_64 4.0.0 3.00 42.00 45.00 NOTE
r-oldrel-macos-arm64 4.0.0 21.00 NOTE
r-oldrel-windows-x86_64 4.0.0 4.00 47.00 51.00 NOTE

Check Details

Version: 4.0.0
Check: LazyData
Result: NOTE 'LazyData' is specified without a 'data' directory Flavors: r-devel-linux-x86_64-debian-clang, r-devel-linux-x86_64-debian-gcc, r-devel-linux-x86_64-fedora-clang, r-devel-linux-x86_64-fedora-gcc, r-devel-windows-x86_64, r-patched-linux-x86_64, r-release-linux-x86_64, r-release-macos-arm64, r-release-macos-x86_64, r-release-windows-x86_64, r-oldrel-macos-arm64, r-oldrel-windows-x86_64