Last updated on 2023-06-06 14:59:39 CEST.
Flavor | Version | Tinstall | Tcheck | Ttotal | Status | Flags |
---|---|---|---|---|---|---|
r-devel-linux-x86_64-debian-clang | 4.0.0 | 2.07 | 24.28 | 26.35 | NOTE | |
r-devel-linux-x86_64-debian-gcc | 4.0.0 | 1.58 | 19.44 | 21.02 | NOTE | |
r-devel-linux-x86_64-fedora-clang | 4.0.0 | 33.72 | NOTE | |||
r-devel-linux-x86_64-fedora-gcc | 4.0.0 | 43.67 | NOTE | |||
r-devel-windows-x86_64 | 4.0.0 | 9.00 | 42.00 | 51.00 | NOTE | |
r-patched-linux-x86_64 | 4.0.0 | 1.95 | 24.18 | 26.13 | NOTE | |
r-release-linux-x86_64 | 4.0.0 | 2.04 | 23.67 | 25.71 | NOTE | |
r-release-macos-arm64 | 4.0.0 | 23.00 | NOTE | |||
r-release-macos-x86_64 | 4.0.0 | 32.00 | NOTE | |||
r-release-windows-x86_64 | 4.0.0 | 4.00 | 41.00 | 45.00 | NOTE | |
r-oldrel-macos-arm64 | 4.0.0 | 21.00 | NOTE | |||
r-oldrel-macos-x86_64 | 4.0.0 | 23.00 | NOTE | |||
r-oldrel-windows-x86_64 | 4.0.0 | 3.00 | 46.00 | 49.00 | NOTE |
Version: 4.0.0
Check: LazyData
Result: NOTE
'LazyData' is specified without a 'data' directory
Flavors: r-devel-linux-x86_64-debian-clang, r-devel-linux-x86_64-debian-gcc, r-devel-linux-x86_64-fedora-clang, r-devel-linux-x86_64-fedora-gcc, r-devel-windows-x86_64, r-patched-linux-x86_64, r-release-linux-x86_64, r-release-macos-arm64, r-release-macos-x86_64, r-release-windows-x86_64, r-oldrel-macos-arm64, r-oldrel-macos-x86_64, r-oldrel-windows-x86_64