CRAN Package Check Results for Package sims

Last updated on 2021-04-16 00:47:28 CEST.

Flavor Version Tinstall Tcheck Ttotal Status Flags
r-devel-linux-x86_64-debian-clang 0.0.2 2.97 54.87 57.84 NOTE
r-devel-linux-x86_64-debian-gcc 0.0.2 2.87 42.59 45.46 NOTE
r-devel-linux-x86_64-fedora-clang 0.0.2 81.65 NOTE
r-devel-linux-x86_64-fedora-gcc 0.0.2 69.96 NOTE
r-devel-windows-ix86+x86_64 0.0.2 10.00 82.00 92.00 NOTE
r-devel-windows-x86_64-gcc10-UCRT 0.0.2 NOTE
r-patched-linux-x86_64 0.0.2 3.72 53.39 57.11 OK
r-patched-solaris-x86 0.0.2 170.30 OK
r-release-linux-x86_64 0.0.2 3.44 53.21 56.65 OK
r-release-macos-x86_64 0.0.2 OK
r-release-windows-ix86+x86_64 0.0.2 30.00 100.00 130.00 OK
r-oldrel-macos-x86_64 0.0.2 ERROR
r-oldrel-windows-ix86+x86_64 0.0.2 7.00 75.00 82.00 OK

Check Details

Version: 0.0.2
Check: LazyData
Result: NOTE
     'LazyData' is specified without a 'data' directory
Flavors: r-devel-linux-x86_64-debian-clang, r-devel-linux-x86_64-debian-gcc, r-devel-linux-x86_64-fedora-clang, r-devel-linux-x86_64-fedora-gcc, r-devel-windows-ix86+x86_64, r-devel-windows-x86_64-gcc10-UCRT

Version: 0.0.2
Check: tests
Result: ERROR
     Running ‘testthat.R’ [9s/89s]
    Running the tests in ‘tests/testthat.R’ failed.
    Last 13 lines of output:
     > test_check("sims")
     ══ Skipped tests ═══════════════════════════════════════════════════════════════
     ● only test getwd at console (1)
     ● only visually test add progress bar at console (1)
     ● only visually test sims progress bar at console (1)
    
     [ FAIL 0 | WARN 0 | SKIP 3 | PASS 215 ]
     >
     > proc.time()
     user system elapsed
     7.961 0.866 88.590
    
     *** caught bus error ***
     address 0x7fc3fa023ee0, cause 'non-existent physical address'
     An irrecoverable exception occurred. R is aborting now ...
Flavor: r-oldrel-macos-x86_64