CRAN Package Check Results for Package simputation

Last updated on 2022-01-23 05:01:34 CET.

Flavor Version Tinstall Tcheck Ttotal Status Flags
r-devel-linux-x86_64-debian-clang 0.2.7 4.05 53.52 57.57 OK
r-devel-linux-x86_64-debian-gcc 0.2.7 3.19 43.29 46.48 OK
r-devel-linux-x86_64-fedora-clang 0.2.7 68.90 OK
r-devel-linux-x86_64-fedora-gcc 0.2.7 65.40 OK
r-devel-windows-x86_64-new-UL 0.2.7 95.00 89.00 184.00 OK
r-devel-windows-x86_64-new-TK 0.2.7 NOTE
r-patched-linux-x86_64 0.2.7 3.97 49.11 53.08 OK
r-release-linux-x86_64 0.2.7 2.89 48.26 51.15 OK
r-release-macos-arm64 0.2.7 OK
r-release-macos-x86_64 0.2.7 OK
r-release-windows-ix86+x86_64 0.2.7 10.00 82.00 92.00 OK
r-oldrel-macos-x86_64 0.2.7 OK
r-oldrel-windows-ix86+x86_64 0.2.7 11.00 77.00 88.00 OK

Check Details

Version: 0.2.7
Check: package dependencies
Result: NOTE
    Package suggested but not available for checking: 'VIM'
Flavor: r-devel-windows-x86_64-new-TK

Version: 0.2.7
Check: Rd cross-references
Result: NOTE
    Package unavailable to check Rd xrefs: 'VIM'
Flavor: r-devel-windows-x86_64-new-TK