CRAN Package Check Results for Package simpleCache

Last updated on 2022-11-28 22:51:35 CET.

Flavor Version Tinstall Tcheck Ttotal Status Flags
r-devel-linux-x86_64-debian-clang 0.4.2 2.61 60.26 62.87 NOTE
r-devel-linux-x86_64-debian-gcc 0.4.2 1.94 48.95 50.89 NOTE
r-devel-linux-x86_64-fedora-clang 0.4.2 88.85 NOTE
r-devel-linux-x86_64-fedora-gcc 0.4.2 88.11 NOTE
r-devel-windows-x86_64 0.4.2 42.00 113.00 155.00 NOTE
r-patched-linux-x86_64 0.4.2 2.35 59.27 61.62 OK
r-release-linux-x86_64 0.4.2 2.53 57.59 60.12 OK
r-release-macos-arm64 0.4.2 38.00 OK
r-release-macos-x86_64 0.4.2 50.00 OK
r-release-windows-x86_64 0.4.2 21.00 111.00 132.00 OK
r-oldrel-macos-arm64 0.4.2 51.00 OK
r-oldrel-macos-x86_64 0.4.2 70.00 OK
r-oldrel-windows-ix86+x86_64 0.4.2 6.00 99.00 105.00 OK

Check Details

Version: 0.4.2
Check: package subdirectories
Result: NOTE
    Problems with news in 'NEWS.md':
     Cannot extract version info from the following section titles:
     simpleCache [0.0.1]
Flavors: r-devel-linux-x86_64-debian-clang, r-devel-linux-x86_64-debian-gcc, r-devel-linux-x86_64-fedora-clang, r-devel-linux-x86_64-fedora-gcc, r-devel-windows-x86_64