Last updated on 2025-01-24 22:50:06 CET.
Flavor | Version | Tinstall | Tcheck | Ttotal | Status | Flags |
---|---|---|---|---|---|---|
r-devel-linux-x86_64-debian-clang | 0.1.18 | 4.94 | 69.64 | 74.58 | NOTE | |
r-devel-linux-x86_64-debian-gcc | 0.1.18 | 3.94 | 50.00 | 53.94 | NOTE | |
r-devel-linux-x86_64-fedora-clang | 0.1.18 | 121.36 | OK | |||
r-devel-linux-x86_64-fedora-gcc | 0.1.18 | 124.41 | OK | |||
r-devel-windows-x86_64 | 0.1.18 | 7.00 | 82.00 | 89.00 | NOTE | |
r-patched-linux-x86_64 | 0.1.18 | 12.06 | 65.17 | 77.23 | OK | |
r-release-linux-x86_64 | 0.1.18 | 5.46 | 65.65 | 71.11 | OK | |
r-release-macos-arm64 | 0.1.18 | 43.00 | OK | |||
r-release-macos-x86_64 | 0.1.18 | 63.00 | OK | |||
r-release-windows-x86_64 | 0.1.18 | 6.00 | 82.00 | 88.00 | OK | |
r-oldrel-macos-arm64 | 0.1.18 | 41.00 | OK | |||
r-oldrel-macos-x86_64 | 0.1.18 | 87.00 | OK | |||
r-oldrel-windows-x86_64 | 0.1.18 | 9.00 | 98.00 | 107.00 | OK |
Version: 0.1.18
Check: Rd cross-references
Result: NOTE
Found the following Rd file(s) with Rd \link{} targets missing package
anchors:
plot.trajectory.Rd: grViz, render_graph
Please provide package anchors for all Rd \link{} targets not in the
package itself and the base packages.
Flavors: r-devel-linux-x86_64-debian-clang, r-devel-linux-x86_64-debian-gcc, r-devel-windows-x86_64