CRAN Package Check Results for Package simmer

Last updated on 2019-06-18 22:02:07 CEST.

Flavor Version Tinstall Tcheck Ttotal Status Flags
r-devel-linux-x86_64-debian-clang 4.2.2 108.15 111.42 219.57 OK
r-devel-linux-x86_64-debian-gcc 4.2.2 100.01 85.84 185.85 OK
r-devel-linux-x86_64-fedora-clang 4.2.2 305.35 NOTE
r-devel-linux-x86_64-fedora-gcc 4.2.2 296.52 OK
r-devel-windows-ix86+x86_64 4.2.2 301.00 206.00 507.00 NOTE
r-patched-linux-x86_64 4.2.2 110.80 108.03 218.83 OK
r-patched-solaris-x86 4.2.2 317.70 OK
r-release-linux-x86_64 4.2.2 113.45 110.44 223.89 OK
r-release-windows-ix86+x86_64 4.2.2 312.00 203.00 515.00 NOTE
r-release-osx-x86_64 4.2.2 NOTE
r-oldrel-windows-ix86+x86_64 4.2.2 213.00 174.00 387.00 NOTE
r-oldrel-osx-x86_64 4.2.2 NOTE

Check Details

Version: 4.2.2
Check: installed package size
Result: NOTE
     installed size is 14.0Mb
     sub-directories of 1Mb or more:
     doc 2.1Mb
     libs 11.2Mb
Flavors: r-devel-linux-x86_64-fedora-clang, r-devel-windows-ix86+x86_64, r-release-windows-ix86+x86_64, r-release-osx-x86_64, r-oldrel-windows-ix86+x86_64, r-oldrel-osx-x86_64