CRAN Package Check Results for Package simmer

Last updated on 2019-09-22 21:47:48 CEST.

Flavor Version Tinstall Tcheck Ttotal Status Flags
r-devel-linux-x86_64-debian-clang 4.3.0 102.35 97.39 199.74 OK
r-devel-linux-x86_64-debian-gcc 4.3.0 100.87 75.67 176.54 OK
r-devel-linux-x86_64-fedora-clang 4.3.0 310.81 NOTE
r-devel-linux-x86_64-fedora-gcc 4.3.0 305.90 OK
r-devel-windows-ix86+x86_64 4.3.0 344.00 189.00 533.00 NOTE
r-patched-linux-x86_64 4.3.0 107.24 95.53 202.77 OK
r-patched-solaris-x86 4.3.0 297.40 OK
r-release-linux-x86_64 4.3.0 108.09 95.74 203.83 OK
r-release-windows-ix86+x86_64 4.3.0 317.00 192.00 509.00 NOTE
r-release-osx-x86_64 4.3.0 NOTE
r-oldrel-windows-ix86+x86_64 4.3.0 218.00 127.00 345.00 NOTE
r-oldrel-osx-x86_64 4.3.0 NOTE

Check Details

Version: 4.3.0
Check: installed package size
Result: NOTE
     installed size is 14.1Mb
     sub-directories of 1Mb or more:
     doc 1.8Mb
     libs 11.7Mb
Flavors: r-devel-linux-x86_64-fedora-clang, r-devel-windows-ix86+x86_64, r-release-windows-ix86+x86_64, r-release-osx-x86_64, r-oldrel-windows-ix86+x86_64, r-oldrel-osx-x86_64