CRAN Package Check Results for Package simmer

Last updated on 2021-04-18 08:52:03 CEST.

Flavor Version Tinstall Tcheck Ttotal Status Flags
r-devel-linux-x86_64-debian-clang 4.4.2 130.61 116.85 247.46 OK
r-devel-linux-x86_64-debian-gcc 4.4.2 98.54 85.86 184.40 OK
r-devel-linux-x86_64-fedora-clang 4.4.2 332.22 NOTE
r-devel-linux-x86_64-fedora-gcc 4.4.2 324.78 OK
r-devel-windows-ix86+x86_64 4.4.2 302.00 153.00 455.00 NOTE
r-devel-windows-x86_64-gcc10-UCRT 4.4.2 OK
r-patched-linux-x86_64 4.4.2 118.01 110.14 228.15 OK
r-patched-solaris-x86 4.4.2 315.50 OK
r-release-linux-x86_64 4.4.2 119.36 109.91 229.27 OK
r-release-macos-x86_64 4.4.2 NOTE
r-release-windows-ix86+x86_64 4.4.2 251.00 188.00 439.00 NOTE
r-oldrel-macos-x86_64 4.4.2 NOTE
r-oldrel-windows-ix86+x86_64 4.4.2 219.00 154.00 373.00 NOTE

Check Details

Version: 4.4.2
Check: installed package size
Result: NOTE
     installed size is 12.4Mb
     sub-directories of 1Mb or more:
     doc 1.8Mb
     libs 10.1Mb
Flavors: r-devel-linux-x86_64-fedora-clang, r-devel-windows-ix86+x86_64, r-release-macos-x86_64, r-release-windows-ix86+x86_64, r-oldrel-macos-x86_64, r-oldrel-windows-ix86+x86_64