CRAN Package Check Results for Package simmer

Last updated on 2020-10-31 18:47:34 CET.

Flavor Version Tinstall Tcheck Ttotal Status Flags
r-devel-linux-x86_64-debian-clang 4.4.2 129.29 112.49 241.78 OK
r-devel-linux-x86_64-debian-gcc 4.4.2 112.05 83.77 195.82 OK
r-devel-linux-x86_64-fedora-clang 4.4.2 332.44 NOTE
r-devel-linux-x86_64-fedora-gcc 4.4.2 322.23 OK
r-devel-windows-ix86+x86_64 4.4.2 304.00 144.00 448.00 NOTE
r-patched-linux-x86_64 4.4.2 132.11 106.42 238.53 OK
r-patched-solaris-x86 4.4.2 304.50 OK
r-release-linux-x86_64 4.4.2 129.00 107.07 236.07 OK
r-release-macos-x86_64 4.4.2 NOTE
r-release-windows-ix86+x86_64 4.4.2 259.00 188.00 447.00 NOTE
r-oldrel-macos-x86_64 4.4.2 NOTE
r-oldrel-windows-ix86+x86_64 4.4.2 281.00 135.00 416.00 NOTE

Check Details

Version: 4.4.2
Check: installed package size
Result: NOTE
     installed size is 14.8Mb
     sub-directories of 1Mb or more:
     doc 1.8Mb
     libs 12.4Mb
Flavors: r-devel-linux-x86_64-fedora-clang, r-devel-windows-ix86+x86_64, r-release-macos-x86_64, r-release-windows-ix86+x86_64, r-oldrel-macos-x86_64, r-oldrel-windows-ix86+x86_64