Last updated on 2023-12-06 18:52:59 CET.
Flavor | Version | Tinstall | Tcheck | Ttotal | Status | Flags |
---|---|---|---|---|---|---|
r-devel-linux-x86_64-debian-clang | 0.7.1 | 8.02 | 115.08 | 123.10 | NOTE | |
r-devel-linux-x86_64-debian-gcc | 0.7.1 | 6.37 | 87.01 | 93.38 | NOTE | |
r-devel-linux-x86_64-fedora-clang | 0.7.1 | 153.08 | OK | |||
r-devel-linux-x86_64-fedora-gcc | 0.7.1 | 157.46 | OK | |||
r-devel-windows-x86_64 | 0.7.1 | 8.00 | 104.00 | 112.00 | OK | |
r-patched-linux-x86_64 | 0.7.1 | 6.30 | 111.53 | 117.83 | OK | |
r-release-linux-x86_64 | 0.7.1 | 5.09 | 110.04 | 115.13 | OK | |
r-release-macos-arm64 | 0.7.1 | 59.00 | OK | |||
r-release-macos-x86_64 | 0.7.1 | 93.00 | OK | |||
r-release-windows-x86_64 | 0.7.1 | 12.00 | 132.00 | 144.00 | OK | |
r-oldrel-macos-arm64 | 0.7.1 | 51.00 | OK | |||
r-oldrel-macos-x86_64 | 0.7.1 | 69.00 | OK | |||
r-oldrel-windows-x86_64 | 0.7.1 | 11.00 | 128.00 | 139.00 | OK |
Version: 0.7.1
Check: Rd files
Result: NOTE
checkRd: (-1) inlandwaters.Rd:14: Lost braces in \itemize; meant \describe ?
checkRd: (-1) inlandwaters.Rd:15: Lost braces in \itemize; meant \describe ?
checkRd: (-1) inlandwaters.Rd:16: Lost braces in \itemize; meant \describe ?
checkRd: (-1) inlandwaters.Rd:17: Lost braces in \itemize; meant \describe ?
checkRd: (-1) inlandwaters.Rd:18: Lost braces in \itemize; meant \describe ?
checkRd: (-1) inlandwaters.Rd:19: Lost braces in \itemize; meant \describe ?
Flavors: r-devel-linux-x86_64-debian-clang, r-devel-linux-x86_64-debian-gcc