Last updated on 2023-06-03 23:59:06 CEST.
Flavor | Version | Tinstall | Tcheck | Ttotal | Status | Flags |
---|---|---|---|---|---|---|
r-devel-linux-x86_64-debian-clang | 1.0.1 | 92.31 | 144.59 | 236.90 | OK | |
r-devel-linux-x86_64-debian-gcc | 1.0.1 | 70.01 | 110.63 | 180.64 | OK | |
r-devel-linux-x86_64-fedora-clang | 1.0.1 | 327.79 | OK | |||
r-devel-linux-x86_64-fedora-gcc | 1.0.1 | 332.58 | OK | |||
r-devel-windows-x86_64 | 1.0.1 | 71.00 | 149.00 | 220.00 | OK | |
r-patched-linux-x86_64 | 1.0.1 | OK | ||||
r-release-linux-x86_64 | 1.0.1 | 70.12 | 139.12 | 209.24 | OK | |
r-release-macos-arm64 | 1.0.1 | 94.00 | NOTE | |||
r-release-macos-x86_64 | 1.0.1 | 157.00 | NOTE | |||
r-release-windows-x86_64 | 1.0.1 | 91.00 | 181.00 | 272.00 | OK | |
r-oldrel-macos-arm64 | 1.0.1 | 83.00 | NOTE | |||
r-oldrel-macos-x86_64 | 1.0.1 | 100.00 | NOTE | |||
r-oldrel-windows-x86_64 | 1.0.1 | 90.00 | 180.00 | 270.00 | OK |
Version: 1.0.1
Check: installed package size
Result: NOTE
installed size is 5.0Mb
sub-directories of 1Mb or more:
libs 3.4Mb
Flavors: r-release-macos-arm64, r-oldrel-macos-arm64, r-oldrel-macos-x86_64
Version: 1.0.1
Check: package dependencies
Result: NOTE
Packages suggested but not available for checking:
'ggraph', 'ROI.plugin.glpk'
Flavor: r-release-macos-x86_64