CRAN Package Check Results for Package signnet

Last updated on 2020-10-31 20:47:34 CET.

Flavor Version Tinstall Tcheck Ttotal Status Flags
r-devel-linux-x86_64-debian-clang 0.7.0 87.47 121.21 208.68 OK
r-devel-linux-x86_64-debian-gcc 0.7.0 70.52 90.32 160.84 OK
r-devel-linux-x86_64-fedora-clang 0.7.0 309.36 NOTE
r-devel-linux-x86_64-fedora-gcc 0.7.0 273.21 OK
r-devel-windows-ix86+x86_64 0.7.0 209.00 159.00 368.00 OK
r-patched-linux-x86_64 0.7.0 85.68 114.23 199.91 OK
r-patched-solaris-x86 0.7.0 298.10 OK
r-release-linux-x86_64 0.7.0 79.72 113.80 193.52 OK
r-release-macos-x86_64 0.7.0 OK
r-release-windows-ix86+x86_64 0.7.0 155.00 208.00 363.00 OK
r-oldrel-macos-x86_64 0.7.0 OK
r-oldrel-windows-ix86+x86_64 0.7.0 185.00 147.00 332.00 OK

Check Details

Version: 0.7.0
Check: installed package size
Result: NOTE
     installed size is 5.1Mb
     sub-directories of 1Mb or more:
     libs 3.5Mb
Flavor: r-devel-linux-x86_64-fedora-clang