CRAN Package Check Results for Package sigminer

Last updated on 2020-06-03 08:50:15 CEST.

Flavor Version Tinstall Tcheck Ttotal Status Flags
r-devel-linux-x86_64-debian-clang 1.0.6 21.05 202.65 223.70 OK
r-devel-linux-x86_64-debian-gcc 1.0.6 16.81 149.56 166.37 OK
r-devel-linux-x86_64-fedora-clang 1.0.6 261.27 OK
r-devel-linux-x86_64-fedora-gcc 1.0.6 258.53 OK
r-devel-windows-ix86+x86_64 1.0.5 56.00 303.00 359.00 OK
r-patched-linux-x86_64 1.0.5 18.38 183.57 201.95 NOTE
r-patched-solaris-x86 1.0.6 307.40 OK
r-release-linux-x86_64 1.0.6 17.39 195.53 212.92 OK
r-release-osx-x86_64 1.0.5 ERROR
r-release-windows-ix86+x86_64 1.0.5 44.00 195.00 239.00 OK
r-oldrel-osx-x86_64 1.0.6 ERROR
r-oldrel-windows-ix86+x86_64 1.0.6 41.00 279.00 320.00 OK

Check Details

Version: 1.0.5
Check: package dependencies
Result: NOTE
    Package suggested but not available for checking: ‘lsei’
Flavor: r-patched-linux-x86_64

Version: 1.0.5
Check: package dependencies
Result: ERROR
    Package required but not available: ‘maftools’
    
    See section ‘The DESCRIPTION file’ in the ‘Writing R Extensions’
    manual.
Flavor: r-release-osx-x86_64

Version: 1.0.6
Check: package dependencies
Result: ERROR
    Package required but not available: ‘maftools’
    
    Package suggested but not available for checking: ‘BSgenome.Hsapiens.UCSC.hg19’
    
    See section ‘The DESCRIPTION file’ in the ‘Writing R Extensions’
    manual.
Flavor: r-oldrel-osx-x86_64