CRAN Package Check Results for Package sigmajs

Last updated on 2019-03-22 18:48:54 CET.

Flavor Version Tinstall Tcheck Ttotal Status Flags
r-devel-linux-x86_64-debian-clang 0.1.2 3.71 69.92 73.63 ERROR
r-devel-linux-x86_64-debian-gcc 0.1.2 3.62 55.05 58.67 ERROR
r-devel-linux-x86_64-fedora-clang 0.1.2 91.38 ERROR
r-devel-linux-x86_64-fedora-gcc 0.1.2 85.46 ERROR
r-devel-windows-ix86+x86_64 0.1.2 23.00 146.00 169.00 ERROR
r-patched-linux-x86_64 0.1.2 2.67 53.87 56.54 OK
r-patched-solaris-x86 0.1.2 83.90 WARN
r-release-linux-x86_64 0.1.2 2.50 53.28 55.78 OK
r-release-windows-ix86+x86_64 0.1.2 13.00 87.00 100.00 NOTE
r-release-osx-x86_64 0.1.2 WARN
r-oldrel-windows-ix86+x86_64 0.1.2 13.00 137.00 150.00 NOTE
r-oldrel-osx-x86_64 0.1.2 WARN

Check Details

Version: 0.1.2
Check: tests
Result: ERROR
     Running 'testthat.R' [2s/2s]
    Running the tests in 'tests/testthat.R' failed.
    Complete output:
     > library(testthat)
     > library(sigmajs)
     Welcome to sigmajs
    
     Docs: sigmajs.john-coene.com
     >
     > test_check("sigmajs")
     Found # 2 clusters
     -- 1. Failure: delay (@test-graph.R#50) ---------------------------------------
     unlist(unname(sg$x$addNodesDelay[[1]][5])) not equal to " 566.004".
     1/1 mismatches
     x[1]: " 548.9736"
     y[1]: " 566.004"
    
     == testthat results ===========================================================
     OK: 65 SKIPPED: 0 FAILED: 1
     1. Failure: delay (@test-graph.R#50)
    
     Error: testthat unit tests failed
     Execution halted
Flavor: r-devel-linux-x86_64-debian-clang

Version: 0.1.2
Check: tests
Result: ERROR
     Running ‘testthat.R’ [2s/3s]
    Running the tests in ‘tests/testthat.R’ failed.
    Complete output:
     > library(testthat)
     > library(sigmajs)
     Welcome to sigmajs
    
     Docs: sigmajs.john-coene.com
     >
     > test_check("sigmajs")
     Found # 2 clusters
     ── 1. Failure: delay (@test-graph.R#50) ───────────────────────────────────────
     unlist(unname(sg$x$addNodesDelay[[1]][5])) not equal to " 566.004".
     1/1 mismatches
     x[1]: " 548.9736"
     y[1]: " 566.004"
    
     ══ testthat results ═══════════════════════════════════════════════════════════
     OK: 65 SKIPPED: 0 FAILED: 1
     1. Failure: delay (@test-graph.R#50)
    
     Error: testthat unit tests failed
     Execution halted
Flavor: r-devel-linux-x86_64-debian-gcc

Version: 0.1.2
Check: installed package size
Result: NOTE
     installed size is 6.9Mb
     sub-directories of 1Mb or more:
     doc 5.3Mb
Flavors: r-devel-linux-x86_64-fedora-clang, r-devel-windows-ix86+x86_64, r-patched-solaris-x86, r-release-windows-ix86+x86_64, r-release-osx-x86_64, r-oldrel-windows-ix86+x86_64, r-oldrel-osx-x86_64

Version: 0.1.2
Check: data for non-ASCII characters
Result: NOTE
     Note: found 28 marked UTF-8 strings
Flavors: r-devel-linux-x86_64-fedora-clang, r-devel-linux-x86_64-fedora-gcc, r-patched-solaris-x86, r-release-osx-x86_64, r-oldrel-osx-x86_64

Version: 0.1.2
Check: tests
Result: ERROR
     Running ‘testthat.R’
    Running the tests in ‘tests/testthat.R’ failed.
    Complete output:
     > library(testthat)
     > library(sigmajs)
     Welcome to sigmajs
    
     Docs: sigmajs.john-coene.com
     >
     > test_check("sigmajs")
     Found # 2 clusters
     ── 1. Failure: delay (@test-graph.R#50) ───────────────────────────────────────
     unlist(unname(sg$x$addNodesDelay[[1]][5])) not equal to " 566.004".
     1/1 mismatches
     x[1]: " 548.9736"
     y[1]: " 566.004"
    
     ══ testthat results ═══════════════════════════════════════════════════════════
     OK: 65 SKIPPED: 0 FAILED: 1
     1. Failure: delay (@test-graph.R#50)
    
     Error: testthat unit tests failed
     Execution halted
Flavor: r-devel-linux-x86_64-fedora-clang

Version: 0.1.2
Check: tests
Result: ERROR
     Running ‘testthat.R’
    Running the tests in ‘tests/testthat.R’ failed.
    Complete output:
     > library(testthat)
     > library(sigmajs)
     Welcome to sigmajs
    
     Docs: sigmajs.john-coene.com
     >
     > test_check("sigmajs")
     Found # 5 clusters
     ── 1. Failure: delay (@test-graph.R#50) ───────────────────────────────────────
     unlist(unname(sg$x$addNodesDelay[[1]][5])) not equal to " 566.004".
     1/1 mismatches
     x[1]: " 548.9736"
     y[1]: " 566.004"
    
     ══ testthat results ═══════════════════════════════════════════════════════════
     OK: 65 SKIPPED: 0 FAILED: 1
     1. Failure: delay (@test-graph.R#50)
    
     Error: testthat unit tests failed
     Execution halted
Flavor: r-devel-linux-x86_64-fedora-gcc

Version: 0.1.2
Check: tests
Result: ERROR
     Running 'testthat.R' [4s]
    Running the tests in 'tests/testthat.R' failed.
    Complete output:
     > library(testthat)
     > library(sigmajs)
     Welcome to sigmajs
    
     Docs: sigmajs.john-coene.com
     >
     > test_check("sigmajs")
     Found # 3 clusters
     -- 1. Failure: delay (@test-graph.R#50) ---------------------------------------
     unlist(unname(sg$x$addNodesDelay[[1]][5])) not equal to " 566.004".
     1/1 mismatches
     x[1]: " 548.9736"
     y[1]: " 566.004"
    
     == testthat results ===========================================================
     OK: 65 SKIPPED: 0 FAILED: 1
     1. Failure: delay (@test-graph.R#50)
    
     Error: testthat unit tests failed
     Execution halted
Flavor: r-devel-windows-ix86+x86_64

Version: 0.1.2
Check: re-building of vignette outputs
Result: WARN
    Error in re-building vignettes:
     ...
    Warning in engine$weave(file, quiet = quiet, encoding = enc) :
     Pandoc (>= 1.12.3) and/or pandoc-citeproc not available. Falling back to R Markdown v1.
    Quitting from lines 26-42 (animate.Rmd)
    Error: processing vignette 'animate.Rmd' failed with diagnostics:
    there is no package called 'webshot'
    Execution halted
Flavor: r-patched-solaris-x86

Version: 0.1.2
Check: re-building of vignette outputs
Result: WARN
    Error in re-building vignettes:
     ...
    Warning in engine$weave(file, quiet = quiet, encoding = enc) :
     Pandoc (>= 1.12.3) and/or pandoc-citeproc not available. Falling back to R Markdown v1.
    Warning in normalizePath(f2) :
     path[1]="./webshot137275ec3b513.png": No such file or directory
    Warning in file(con, "rb") :
     cannot open file './webshot137275ec3b513.png': No such file or directory
    Quitting from lines 26-42 (animate.Rmd)
    Error: processing vignette 'animate.Rmd' failed with diagnostics:
    cannot open the connection
    Execution halted
Flavor: r-release-osx-x86_64

Version: 0.1.2
Check: re-building of vignette outputs
Result: WARN
    Error in re-building vignettes:
     ...
    Warning in engine$weave(file, quiet = quiet, encoding = enc) :
     Pandoc (>= 1.12.3) and/or pandoc-citeproc not available. Falling back to R Markdown v1.
    Warning in normalizePath(f2) :
     path[1]="./webshotedcd5d7064.png": No such file or directory
    Warning in file(con, "rb") :
     cannot open file './webshotedcd5d7064.png': No such file or directory
    Quitting from lines 26-42 (animate.Rmd)
    Error: processing vignette 'animate.Rmd' failed with diagnostics:
    cannot open the connection
    Execution halted
Flavor: r-oldrel-osx-x86_64