CRAN Package Check Results for Package sigmajs

Last updated on 2022-05-28 05:53:19 CEST.

Flavor Version Tinstall Tcheck Ttotal Status Flags
r-devel-linux-x86_64-debian-clang 0.1.5 5.36 69.74 75.10 OK
r-devel-linux-x86_64-debian-gcc 0.1.5 4.75 52.48 57.23 OK
r-devel-linux-x86_64-fedora-clang 0.1.5 89.37 NOTE
r-devel-linux-x86_64-fedora-gcc 0.1.5 77.48 NOTE
r-devel-windows-x86_64 0.1.5 83.00 91.00 174.00 OK
r-patched-linux-x86_64 0.1.5 6.20 65.03 71.23 OK
r-release-linux-x86_64 0.1.5 5.96 66.31 72.27 OK
r-release-macos-arm64 0.1.5 25.00 NOTE
r-release-macos-x86_64 0.1.5 50.00 NOTE
r-release-windows-x86_64 0.1.5 95.00 94.00 189.00 OK
r-oldrel-macos-arm64 0.1.5 31.00 NOTE
r-oldrel-macos-x86_64 0.1.5 45.00 NOTE
r-oldrel-windows-ix86+x86_64 0.1.5 14.00 87.00 101.00 OK

Check Details

Version: 0.1.5
Check: data for non-ASCII characters
Result: NOTE
     Note: found 28 marked UTF-8 strings
Flavors: r-devel-linux-x86_64-fedora-clang, r-devel-linux-x86_64-fedora-gcc, r-release-macos-arm64, r-release-macos-x86_64, r-oldrel-macos-arm64, r-oldrel-macos-x86_64