CRAN Package Check Results for Package sigmaNet

Last updated on 2019-05-22 22:52:51 CEST.

Flavor Version Tinstall Tcheck Ttotal Status Flags
r-devel-linux-x86_64-debian-clang 1.1.0 2.39 28.89 31.28 OK
r-devel-linux-x86_64-debian-gcc 1.1.0 2.00 23.17 25.17 OK
r-devel-linux-x86_64-fedora-clang 1.1.0 39.17 OK
r-devel-linux-x86_64-fedora-gcc 1.1.0 36.64 OK
r-devel-windows-ix86+x86_64 1.1.0 6.00 60.00 66.00 OK
r-patched-linux-x86_64 1.1.0 2.37 28.73 31.10 OK
r-patched-solaris-x86 1.1.0 57.50 WARN
r-release-linux-x86_64 1.1.0 2.49 28.65 31.14 OK
r-release-windows-ix86+x86_64 1.1.0 7.00 64.00 71.00 OK
r-release-osx-x86_64 1.1.0 WARN
r-oldrel-windows-ix86+x86_64 1.1.0 3.00 44.00 47.00 OK
r-oldrel-osx-x86_64 1.1.0 WARN

Check Details

Version: 1.1.0
Check: re-building of vignette outputs
Result: WARN
    Error(s) in re-building vignettes:
     ...
    --- re-building ‘getting-started.Rmd’ using rmarkdown
    Warning in engine$weave(file, quiet = quiet, encoding = enc) :
     Pandoc (>= 1.12.3) and/or pandoc-citeproc not available. Falling back to R Markdown v1.
    Quitting from lines 89-90 (getting-started.Rmd)
    Error: processing vignette 'getting-started.Rmd' failed with diagnostics:
    there is no package called 'webshot'
    --- failed re-building ‘getting-started.Rmd’
    
    SUMMARY: processing the following file failed:
     ‘getting-started.Rmd’
    
    Error: Vignette re-building failed.
    Execution halted
Flavor: r-patched-solaris-x86

Version: 1.1.0
Check: re-building of vignette outputs
Result: WARN
    Error(s) in re-building vignettes:
     ...
    --- re-building ‘getting-started.Rmd’ using rmarkdown
    Warning in engine$weave(file, quiet = quiet, encoding = enc) :
     Pandoc (>= 1.12.3) and/or pandoc-citeproc not available. Falling back to R Markdown v1.
    Quitting from lines 89-90 (getting-started.Rmd)
    Error: processing vignette 'getting-started.Rmd' failed with diagnostics:
    cannot open the connection
    --- failed re-building ‘getting-started.Rmd’
    
    SUMMARY: processing the following file failed:
     ‘getting-started.Rmd’
    
    Error: Vignette re-building failed.
    Execution halted
Flavor: r-release-osx-x86_64

Version: 1.1.0
Check: re-building of vignette outputs
Result: WARN
    Error in re-building vignettes:
     ...
    Warning in engine$weave(file, quiet = quiet, encoding = enc) :
     Pandoc (>= 1.12.3) and/or pandoc-citeproc not available. Falling back to R Markdown v1.
    Quitting from lines 89-90 (getting-started.Rmd)
    Error: processing vignette 'getting-started.Rmd' failed with diagnostics:
    cannot open the connection
    Execution halted
Flavor: r-oldrel-osx-x86_64