CRAN Package Check Results for Package sigQC

Last updated on 2024-02-27 01:50:16 CET.

Flavor Version Tinstall Tcheck Ttotal Status Flags
r-devel-linux-x86_64-debian-clang 0.1.23 6.74 62.33 69.07 OK
r-devel-linux-x86_64-debian-gcc 0.1.23 5.49 46.88 52.37 OK
r-devel-linux-x86_64-fedora-clang 0.1.23 88.44 NOTE
r-devel-linux-x86_64-fedora-gcc 0.1.23 95.43 NOTE
r-devel-windows-x86_64 0.1.23 8.00 64.00 72.00 OK
r-patched-linux-x86_64 0.1.23 4.62 61.02 65.64 OK
r-release-linux-x86_64 0.1.23 5.18 60.24 65.42 OK
r-release-macos-arm64 0.1.23 10.00 ERROR
r-release-macos-x86_64 0.1.23 8.00 ERROR
r-release-windows-x86_64 0.1.23 9.00 73.00 82.00 OK
r-oldrel-macos-arm64 0.1.23 31.00 OK
r-oldrel-windows-x86_64 0.1.23 11.00 73.00 84.00 OK

Check Details

Version: 0.1.23
Check: dependencies in R code
Result: NOTE Namespaces in Imports field not imported from: ‘KernSmooth’ ‘MASS’ ‘class’ ‘cluster’ ‘lattice’ ‘nnet’ All declared Imports should be used. Flavors: r-devel-linux-x86_64-fedora-clang, r-devel-linux-x86_64-fedora-gcc

Version: 0.1.23
Check: package dependencies
Result: ERROR Package required but not available: ‘GSVA’ See section ‘The DESCRIPTION file’ in the ‘Writing R Extensions’ manual. Flavors: r-release-macos-arm64, r-release-macos-x86_64