CRAN Package Check Results for Package sift

Last updated on 2021-10-18 21:55:14 CEST.

Flavor Version Tinstall Tcheck Ttotal Status Flags
r-devel-linux-x86_64-debian-clang 0.1.0 8.37 58.15 66.52 OK
r-devel-linux-x86_64-debian-gcc 0.1.0 6.76 44.54 51.30 OK
r-devel-linux-x86_64-fedora-clang 0.1.0 91.48 NOTE
r-devel-linux-x86_64-fedora-gcc 0.1.0 78.75 NOTE
r-devel-windows-x86_64 0.1.0 17.00 69.00 86.00 OK
r-devel-windows-x86_64-gcc10-UCRT 0.1.0 NOTE
r-patched-linux-x86_64 0.1.0 8.21 54.67 62.88 OK
r-patched-solaris-x86 0.1.0 101.70 NOTE
r-release-linux-x86_64 0.1.0 8.60 55.34 63.94 OK
r-release-macos-arm64 0.1.0 NOTE
r-release-macos-x86_64 0.1.0 NOTE
r-release-windows-ix86+x86_64 0.1.0 26.00 104.00 130.00 OK
r-oldrel-macos-x86_64 0.1.0 NOTE
r-oldrel-windows-ix86+x86_64 0.1.0 25.00 104.00 129.00 OK

Check Details

Version: 0.1.0
Check: data for non-ASCII characters
Result: NOTE
     Note: found 1231 marked UTF-8 strings
Flavors: r-devel-linux-x86_64-fedora-clang, r-devel-linux-x86_64-fedora-gcc, r-devel-windows-x86_64-gcc10-UCRT, r-patched-solaris-x86, r-release-macos-arm64, r-release-macos-x86_64, r-oldrel-macos-x86_64