CRAN Package Check Results for Package sidrar

Last updated on 2020-07-15 00:47:09 CEST.

Flavor Version Tinstall Tcheck Ttotal Status Flags
r-devel-linux-x86_64-debian-clang 0.2.5 2.47 23.56 26.03 OK
r-devel-linux-x86_64-debian-gcc 0.2.5 1.91 26.40 28.31 OK
r-devel-linux-x86_64-fedora-clang 0.2.5 51.50 OK
r-devel-linux-x86_64-fedora-gcc 0.2.5 40.24 OK
r-devel-windows-ix86+x86_64 0.2.5 11.00 43.00 54.00 OK
r-patched-linux-x86_64 0.2.5 2.44 31.09 33.53 OK
r-patched-solaris-x86 0.2.5 66.00 OK
r-release-linux-x86_64 0.2.5 2.45 32.12 34.57 OK
r-release-macos-x86_64 0.2.5 ERROR
r-release-windows-ix86+x86_64 0.2.5 11.00 49.00 60.00 OK
r-oldrel-macos-x86_64 0.2.5 OK
r-oldrel-windows-ix86+x86_64 0.2.5 7.00 58.00 65.00 OK

Check Details

Version: 0.2.5
Check: whether package can be installed
Result: ERROR
    Installation failed.
Flavor: r-release-macos-x86_64