CRAN Package Check Results for Package sidier

Last updated on 2021-09-19 11:50:22 CEST.

Flavor Version Tinstall Tcheck Ttotal Status Flags
r-devel-linux-x86_64-debian-clang 4.1.0 13.08 99.50 112.58 OK
r-devel-linux-x86_64-debian-gcc 4.1.0 10.67 73.56 84.23 OK
r-devel-linux-x86_64-fedora-clang 4.1.0 144.17 OK
r-devel-linux-x86_64-fedora-gcc 4.1.0 131.86 OK
r-devel-windows-x86_64 4.1.0 21.00 121.00 142.00 OK
r-devel-windows-x86_64-gcc10-UCRT 4.1.0 ERROR
r-patched-linux-x86_64 4.1.0 18.50 93.78 112.28 OK
r-patched-solaris-x86 4.1.0 178.40 OK
r-release-linux-x86_64 4.1.0 10.77 93.37 104.14 OK
r-release-macos-arm64 4.1.0 OK
r-release-macos-x86_64 4.1.0 OK
r-release-windows-ix86+x86_64 4.1.0 27.00 92.00 119.00 OK
r-oldrel-macos-x86_64 4.1.0 OK
r-oldrel-windows-ix86+x86_64 4.1.0 29.00 94.00 123.00 OK

Check Details

Version: 4.1.0
Check: whether package can be installed
Result: WARN
    Found the following significant warnings:
     WARNING: installation-time patches will not be applied, could not get the patches index
Flavor: r-devel-windows-x86_64-gcc10-UCRT

Version: 4.1.0
Check: PDF version of manual
Result: WARN
    LaTeX errors when creating PDF version.
    This typically indicates Rd problems.
Flavor: r-devel-windows-x86_64-gcc10-UCRT

Version: 4.1.0
Check: PDF version of manual without hyperrefs or index
Result: ERROR
    Re-running with no redirection of stdout/stderr.
Flavor: r-devel-windows-x86_64-gcc10-UCRT