Last updated on 2023-03-30 12:55:22 CEST.
Flavor | Version | Tinstall | Tcheck | Ttotal | Status | Flags |
---|---|---|---|---|---|---|
r-devel-linux-x86_64-debian-clang | 2.0.6 | 208.99 | 65.84 | 274.83 | NOTE | |
r-devel-linux-x86_64-debian-gcc | 2.0.6 | 160.66 | 51.35 | 212.01 | NOTE | |
r-devel-linux-x86_64-fedora-clang | 2.0.6 | 430.60 | NOTE | |||
r-devel-linux-x86_64-fedora-gcc | 2.0.6 | 402.50 | NOTE | |||
r-patched-linux-x86_64 | 2.0.6 | 170.73 | 64.70 | 235.43 | NOTE | |
r-release-linux-x86_64 | 2.0.6 | 180.14 | 63.88 | 244.02 | OK | |
r-release-macos-arm64 | 2.0.6 | 96.00 | NOTE | |||
r-release-macos-x86_64 | 2.0.6 | 111.00 | NOTE | |||
r-release-windows-x86_64 | 2.0.6 | 170.00 | 159.00 | 329.00 | OK | |
r-oldrel-macos-arm64 | 2.0.6 | 93.00 | NOTE | |||
r-oldrel-macos-x86_64 | 2.0.6 | 116.00 | NOTE | |||
r-oldrel-windows-ix86+x86_64 | 2.0.6 | 513.00 | 133.00 | 646.00 | OK |
Version: 2.0.6
Check: C++ specification
Result: NOTE
Specified C++11: please drop specification unless essential
Flavors: r-devel-linux-x86_64-debian-clang, r-devel-linux-x86_64-debian-gcc, r-devel-linux-x86_64-fedora-clang, r-devel-linux-x86_64-fedora-gcc, r-patched-linux-x86_64
Version: 2.0.6
Check: installed package size
Result: NOTE
installed size is 8.5Mb
sub-directories of 1Mb or more:
libs 7.6Mb
Flavors: r-release-macos-arm64, r-release-macos-x86_64, r-oldrel-macos-arm64, r-oldrel-macos-x86_64