CRAN Package Check Results for Package shrinkDSM

Last updated on 2021-12-05 22:49:05 CET.

Flavor Version Tinstall Tcheck Ttotal Status Flags
r-devel-linux-x86_64-debian-clang 0.1.0 80.27 47.87 128.14 OK
r-devel-linux-x86_64-debian-gcc 0.1.0 58.75 38.66 97.41 OK
r-devel-linux-x86_64-fedora-clang 0.1.0 188.63 OK
r-devel-linux-x86_64-fedora-gcc 0.1.0 165.31 OK
r-devel-windows-x86_64-new-UL 0.1.0 99.00 100.00 199.00 OK
r-devel-windows-x86_64-new-TK 0.1.0 OK
r-devel-windows-x86_64-old 0.1.0 106.00 56.00 162.00 OK
r-patched-linux-x86_64 0.1.0 75.53 37.85 113.38 OK
r-release-linux-x86_64 0.1.0 73.49 45.91 119.40 OK
r-release-macos-arm64 0.1.0 NOTE
r-release-macos-x86_64 0.1.0 OK
r-release-windows-ix86+x86_64 0.1.0 201.00 93.00 294.00 OK
r-oldrel-macos-x86_64 0.1.0 OK
r-oldrel-windows-ix86+x86_64 0.1.0 201.00 97.00 298.00 OK

Check Details

Version: 0.1.0
Check: installed package size
Result: NOTE
     installed size is 5.6Mb
     sub-directories of 1Mb or more:
     libs 5.4Mb
Flavor: r-release-macos-arm64