CRAN Package Check Results for Package showimage

Last updated on 2022-08-16 05:54:11 CEST.

Flavor Version Tinstall Tcheck Ttotal Status Flags
r-devel-linux-x86_64-debian-clang 1.0.0 1.99 24.22 26.21 NOTE
r-devel-linux-x86_64-debian-gcc 1.0.0 1.50 18.82 20.32 NOTE
r-devel-linux-x86_64-fedora-clang 1.0.0 42.15 NOTE
r-devel-linux-x86_64-fedora-gcc 1.0.0 42.82 NOTE
r-devel-windows-x86_64 1.0.0 13.00 52.00 65.00 NOTE
r-patched-linux-x86_64 1.0.0 1.75 23.00 24.75 NOTE
r-release-linux-x86_64 1.0.0 1.69 23.58 25.27 NOTE
r-release-macos-arm64 1.0.0 14.00 NOTE
r-release-macos-x86_64 1.0.0 21.00 NOTE
r-release-windows-x86_64 1.0.0 10.00 48.00 58.00 NOTE
r-oldrel-macos-arm64 1.0.0 24.00 NOTE
r-oldrel-macos-x86_64 1.0.0 28.00 NOTE
r-oldrel-windows-ix86+x86_64 1.0.0 5.00 47.00 52.00 NOTE

Check Details

Version: 1.0.0
Check: LazyData
Result: NOTE
     'LazyData' is specified without a 'data' directory
Flavors: r-devel-linux-x86_64-debian-clang, r-devel-linux-x86_64-debian-gcc, r-devel-linux-x86_64-fedora-clang, r-devel-linux-x86_64-fedora-gcc, r-devel-windows-x86_64, r-patched-linux-x86_64, r-release-linux-x86_64, r-release-macos-arm64, r-release-macos-x86_64, r-release-windows-x86_64, r-oldrel-macos-arm64, r-oldrel-macos-x86_64, r-oldrel-windows-ix86+x86_64