CRAN Package Check Results for Package shinythemes

Last updated on 2019-04-21 20:48:35 CEST.

Flavor Version Tinstall Tcheck Ttotal Status Flags
r-devel-linux-x86_64-debian-clang 1.1.2 2.60 24.11 26.71 OK
r-devel-linux-x86_64-debian-gcc 1.1.2 1.95 19.74 21.69 OK
r-devel-linux-x86_64-fedora-clang 1.1.2 31.32 OK
r-devel-linux-x86_64-fedora-gcc 1.1.2 30.28 OK
r-devel-windows-ix86+x86_64 1.1.2 9.00 40.00 49.00 OK
r-patched-linux-x86_64 1.1.2 2.24 24.12 26.36 OK
r-patched-solaris-x86 1.1.2 56.80 OK
r-release-linux-x86_64 1.1.2 1.70 23.11 24.81 OK
r-release-windows-ix86+x86_64 1.1.2 1.00 4.00 5.00 ERROR
r-release-osx-x86_64 1.1.2 OK
r-oldrel-windows-ix86+x86_64 1.1.2 2.00 7.00 9.00 ERROR
r-oldrel-osx-x86_64 1.1.2 OK

Check Details

Version: 1.1.2
Check: whether package can be installed
Result: ERROR
    Installation failed.
Flavors: r-release-windows-ix86+x86_64, r-oldrel-windows-ix86+x86_64