Last updated on 2022-06-26 15:53:11 CEST.
Flavor | Version | Tinstall | Tcheck | Ttotal | Status | Flags |
---|---|---|---|---|---|---|
r-devel-linux-x86_64-debian-clang | 2.6.0 | 12.17 | 145.35 | 157.52 | NOTE | |
r-devel-linux-x86_64-debian-gcc | 2.6.0 | 11.28 | 106.64 | 117.92 | NOTE | |
r-devel-linux-x86_64-fedora-clang | 2.6.0 | 210.77 | WARN | |||
r-devel-linux-x86_64-fedora-gcc | 2.6.0 | 194.47 | WARN | |||
r-devel-windows-x86_64 | 2.6.0 | 298.00 | 173.00 | 471.00 | NOTE | |
r-patched-linux-x86_64 | 2.6.0 | 10.80 | 137.04 | 147.84 | NOTE | |
r-release-linux-x86_64 | 2.6.0 | 11.28 | 136.92 | 148.20 | NOTE | |
r-release-macos-arm64 | 2.6.0 | 56.00 | NOTE | |||
r-release-macos-x86_64 | 2.6.0 | 98.00 | NOTE | |||
r-release-windows-x86_64 | 2.6.0 | 289.00 | 169.00 | 458.00 | NOTE | |
r-oldrel-macos-arm64 | 2.6.0 | 53.00 | NOTE | |||
r-oldrel-macos-x86_64 | 2.6.0 | 72.00 | NOTE | |||
r-oldrel-windows-ix86+x86_64 | 2.6.0 | 34.00 | 174.00 | 208.00 | NOTE |
Version: 2.6.0
Check: package dependencies
Result: NOTE
Package suggested but not available for checking: 'cmdstanr'
Flavors: r-devel-linux-x86_64-debian-clang, r-devel-linux-x86_64-debian-gcc, r-devel-windows-x86_64, r-patched-linux-x86_64, r-release-linux-x86_64, r-release-macos-arm64, r-release-macos-x86_64, r-release-windows-x86_64, r-oldrel-macos-arm64, r-oldrel-macos-x86_64, r-oldrel-windows-ix86+x86_64
Version: 2.6.0
Check: package dependencies
Result: WARN
Package suggested but not available for checking: ‘cmdstanr’
Requires orphaned package: ‘gtools’
Flavors: r-devel-linux-x86_64-fedora-clang, r-devel-linux-x86_64-fedora-gcc