Last updated on 2022-07-03 15:52:44 CEST.
Flavor | Version | Tinstall | Tcheck | Ttotal | Status | Flags |
---|---|---|---|---|---|---|
r-devel-linux-x86_64-debian-clang | 0.0.1 | 5.98 | 43.24 | 49.22 | NOTE | |
r-devel-linux-x86_64-debian-gcc | 0.0.1 | 4.53 | 33.70 | 38.23 | NOTE | |
r-devel-linux-x86_64-fedora-clang | 0.0.1 | 69.15 | NOTE | |||
r-devel-linux-x86_64-fedora-gcc | 0.0.1 | 68.74 | NOTE | |||
r-devel-windows-x86_64 | 0.0.1 | 8.00 | 70.00 | 78.00 | NOTE | |
r-patched-linux-x86_64 | 0.0.1 | 4.96 | 42.85 | 47.81 | NOTE | |
r-release-linux-x86_64 | 0.0.1 | 4.97 | 42.51 | 47.48 | NOTE | |
r-release-macos-arm64 | 0.0.1 | 21.00 | NOTE | |||
r-release-macos-x86_64 | 0.0.1 | 42.00 | NOTE | |||
r-release-windows-x86_64 | 0.0.1 | 23.00 | 76.00 | 99.00 | NOTE | |
r-oldrel-macos-arm64 | 0.0.1 | 24.00 | NOTE | |||
r-oldrel-macos-x86_64 | 0.0.1 | 38.00 | NOTE | |||
r-oldrel-windows-ix86+x86_64 | 0.0.1 | 13.00 | 70.00 | 83.00 | NOTE |
Version: 0.0.1
Check: LazyData
Result: NOTE
'LazyData' is specified without a 'data' directory
Flavors: r-devel-linux-x86_64-debian-clang, r-devel-linux-x86_64-debian-gcc, r-devel-linux-x86_64-fedora-clang, r-devel-linux-x86_64-fedora-gcc, r-devel-windows-x86_64, r-patched-linux-x86_64, r-release-linux-x86_64, r-release-macos-arm64, r-release-macos-x86_64, r-release-windows-x86_64, r-oldrel-macos-arm64, r-oldrel-macos-x86_64, r-oldrel-windows-ix86+x86_64