CRAN Package Check Results for Package shinymodels

Last updated on 2022-06-28 22:49:39 CEST.

Flavor Version Tinstall Tcheck Ttotal Status Flags
r-devel-linux-x86_64-debian-clang 0.1.0 20.82 169.64 190.46 OK
r-devel-linux-x86_64-debian-gcc 0.1.0 16.72 124.79 141.51 OK
r-devel-linux-x86_64-fedora-clang 0.1.0 230.08 NOTE
r-devel-linux-x86_64-fedora-gcc 0.1.0 241.69 OK
r-devel-windows-x86_64 0.1.0 119.00 182.00 301.00 OK
r-patched-linux-x86_64 0.1.0 20.61 156.06 176.67 OK
r-release-linux-x86_64 0.1.0 14.49 156.14 170.63 OK
r-release-macos-arm64 0.1.0 75.00 OK
r-release-macos-x86_64 0.1.0 108.00 OK
r-release-windows-x86_64 0.1.0 98.00 185.00 283.00 OK
r-oldrel-macos-arm64 0.1.0 65.00 OK
r-oldrel-macos-x86_64 0.1.0 83.00 OK
r-oldrel-windows-ix86+x86_64 0.1.0 43.00 188.00 231.00 OK

Check Details

Version: 0.1.0
Check: Rd cross-references
Result: NOTE
    Undeclared package ‘finetune’ in Rd xrefs
Flavor: r-devel-linux-x86_64-fedora-clang