CRAN Package Check Results for Package shinyfullscreen

Last updated on 2022-08-16 05:54:11 CEST.

Flavor Version Tinstall Tcheck Ttotal Status Flags
r-devel-linux-x86_64-debian-clang 1.1.0 3.24 37.74 40.98 NOTE
r-devel-linux-x86_64-debian-gcc 1.1.0 2.09 30.04 32.13 NOTE
r-devel-linux-x86_64-fedora-clang 1.1.0 59.75 NOTE
r-devel-linux-x86_64-fedora-gcc 1.1.0 61.06 NOTE
r-devel-windows-x86_64 1.1.0 23.00 64.00 87.00 NOTE
r-patched-linux-x86_64 1.1.0 2.64 36.95 39.59 NOTE
r-release-linux-x86_64 1.1.0 3.04 37.36 40.40 NOTE
r-release-macos-arm64 1.1.0 19.00 NOTE
r-release-macos-x86_64 1.1.0 41.00 NOTE
r-release-windows-x86_64 1.1.0 19.00 66.00 85.00 NOTE
r-oldrel-macos-arm64 1.1.0 21.00 NOTE
r-oldrel-macos-x86_64 1.1.0 31.00 NOTE
r-oldrel-windows-ix86+x86_64 1.1.0 10.00 63.00 73.00 NOTE

Check Details

Version: 1.1.0
Check: LazyData
Result: NOTE
     'LazyData' is specified without a 'data' directory
Flavors: r-devel-linux-x86_64-debian-clang, r-devel-linux-x86_64-debian-gcc, r-devel-linux-x86_64-fedora-clang, r-devel-linux-x86_64-fedora-gcc, r-devel-windows-x86_64, r-patched-linux-x86_64, r-release-linux-x86_64, r-release-macos-arm64, r-release-macos-x86_64, r-release-windows-x86_64, r-oldrel-macos-arm64, r-oldrel-macos-x86_64, r-oldrel-windows-ix86+x86_64