CRAN Package Check Results for Package shinycustomloader

Last updated on 2024-07-22 00:50:48 CEST.

Flavor Version Tinstall Tcheck Ttotal Status Flags
r-devel-linux-x86_64-debian-clang 0.9.0 3.50 38.41 41.91 NOTE
r-devel-linux-x86_64-debian-gcc 0.9.0 2.72 29.61 32.33 NOTE
r-devel-linux-x86_64-fedora-clang 0.9.0 52.55 NOTE
r-devel-linux-x86_64-fedora-gcc 0.9.0 49.21 NOTE
r-devel-windows-x86_64 0.9.0 5.00 55.00 60.00 NOTE
r-patched-linux-x86_64 0.9.0 2.18 37.06 39.24 NOTE
r-release-linux-x86_64 0.9.0 2.50 36.77 39.27 NOTE
r-release-macos-arm64 0.9.0 21.00 NOTE
r-release-macos-x86_64 0.9.0 33.00 NOTE
r-release-windows-x86_64 0.9.0 4.00 56.00 60.00 NOTE
r-oldrel-macos-arm64 0.9.0 21.00 NOTE
r-oldrel-macos-x86_64 0.9.0 31.00 NOTE
r-oldrel-windows-x86_64 0.9.0 5.00 56.00 61.00 NOTE

Check Details

Version: 0.9.0
Check: LazyData
Result: NOTE 'LazyData' is specified without a 'data' directory Flavors: r-devel-linux-x86_64-debian-clang, r-devel-linux-x86_64-debian-gcc, r-devel-linux-x86_64-fedora-clang, r-devel-linux-x86_64-fedora-gcc, r-devel-windows-x86_64, r-patched-linux-x86_64, r-release-linux-x86_64, r-release-macos-arm64, r-release-macos-x86_64, r-release-windows-x86_64, r-oldrel-macos-arm64, r-oldrel-macos-x86_64, r-oldrel-windows-x86_64