Last updated on 2022-05-23 18:50:42 CEST.
Flavor | Version | Tinstall | Tcheck | Ttotal | Status | Flags |
---|---|---|---|---|---|---|
r-devel-linux-x86_64-debian-clang | 1.7.0 | 2.13 | 40.33 | 42.46 | NOTE | |
r-devel-linux-x86_64-debian-gcc | 1.7.0 | 2.26 | 31.32 | 33.58 | NOTE | |
r-devel-linux-x86_64-fedora-clang | 1.7.0 | 51.38 | NOTE | |||
r-devel-linux-x86_64-fedora-gcc | 1.7.0 | 38.89 | NOTE | |||
r-devel-windows-x86_64 | 1.7.0 | 213.00 | 62.00 | 275.00 | NOTE | |
r-patched-linux-x86_64 | 1.7.0 | 2.75 | 38.71 | 41.46 | NOTE | |
r-release-linux-x86_64 | 1.7.0 | NOTE | ||||
r-release-macos-arm64 | 1.7.0 | 19.00 | NOTE | |||
r-release-macos-x86_64 | 1.7.0 | 27.00 | NOTE | |||
r-release-windows-x86_64 | 1.7.0 | 513.00 | 63.00 | 576.00 | NOTE | |
r-oldrel-macos-arm64 | 1.7.0 | 20.00 | NOTE | |||
r-oldrel-macos-x86_64 | 1.7.0 | 25.00 | NOTE | |||
r-oldrel-windows-ix86+x86_64 | 1.7.0 | 10.00 | 53.00 | 63.00 | NOTE |
Version: 1.7.0
Check: package dependencies
Result: NOTE
Package suggested but not available for checking: 'cmdstanr'
Flavors: r-devel-linux-x86_64-debian-clang, r-devel-linux-x86_64-debian-gcc, r-devel-linux-x86_64-fedora-clang, r-devel-linux-x86_64-fedora-gcc, r-devel-windows-x86_64, r-patched-linux-x86_64, r-release-linux-x86_64, r-release-macos-arm64, r-release-macos-x86_64, r-release-windows-x86_64, r-oldrel-macos-arm64, r-oldrel-macos-x86_64, r-oldrel-windows-ix86+x86_64