Last updated on 2023-10-02 12:05:47 CEST.
Flavor | Version | Tinstall | Tcheck | Ttotal | Status | Flags |
---|---|---|---|---|---|---|
r-devel-linux-x86_64-debian-clang | 3.0.0 | 2.10 | 21.52 | 23.62 | OK | |
r-devel-linux-x86_64-debian-gcc | 3.0.0 | 1.81 | 17.11 | 18.92 | OK | |
r-devel-linux-x86_64-fedora-clang | 3.0.0 | 29.68 | NOTE | |||
r-devel-linux-x86_64-fedora-gcc | 3.0.0 | 28.50 | NOTE | |||
r-devel-windows-x86_64 | 3.0.0 | 3.00 | 40.00 | 43.00 | OK | |
r-patched-linux-x86_64 | 3.0.0 | 2.39 | 20.92 | 23.31 | OK | |
r-release-linux-x86_64 | 3.0.0 | 2.01 | 21.05 | 23.06 | OK | |
r-release-macos-arm64 | 3.0.0 | 17.00 | OK | |||
r-release-macos-x86_64 | 3.0.0 | 20.00 | OK | |||
r-release-windows-x86_64 | 3.0.0 | 5.00 | 39.00 | 44.00 | OK | |
r-oldrel-macos-arm64 | 3.0.0 | 16.00 | NOTE | |||
r-oldrel-macos-x86_64 | 3.0.0 | 26.00 | NOTE | |||
r-oldrel-windows-x86_64 | 3.0.0 | 6.00 | 43.00 | 49.00 | OK |
Version: 3.0.0
Check: dependencies in R code
Result: NOTE
Namespace in Imports field not imported from: ‘stats’
All declared Imports should be used.
Flavors: r-devel-linux-x86_64-fedora-clang, r-devel-linux-x86_64-fedora-gcc, r-oldrel-macos-arm64, r-oldrel-macos-x86_64