Last updated on 2023-01-31 22:58:19 CET.
Flavor | Version | Tinstall | Tcheck | Ttotal | Status | Flags |
---|---|---|---|---|---|---|
r-devel-linux-x86_64-debian-clang | 3.0.0 | 2.09 | 21.92 | 24.01 | OK | |
r-devel-linux-x86_64-debian-gcc | 3.0.0 | 1.56 | 17.20 | 18.76 | OK | |
r-devel-linux-x86_64-fedora-clang | 3.0.0 | 31.32 | NOTE | |||
r-devel-linux-x86_64-fedora-gcc | 3.0.0 | 30.19 | NOTE | |||
r-devel-windows-x86_64 | 3.0.0 | 26.00 | 50.00 | 76.00 | OK | |
r-patched-linux-x86_64 | 3.0.0 | 2.10 | 22.18 | 24.28 | OK | |
r-release-linux-x86_64 | 3.0.0 | 2.04 | 22.59 | 24.63 | OK | |
r-release-macos-arm64 | 3.0.0 | 16.00 | NOTE | |||
r-release-macos-x86_64 | 3.0.0 | 26.00 | NOTE | |||
r-release-windows-x86_64 | 3.0.0 | 21.00 | 54.00 | 75.00 | OK | |
r-oldrel-macos-arm64 | 3.0.0 | 17.00 | NOTE | |||
r-oldrel-macos-x86_64 | 3.0.0 | 21.00 | NOTE | |||
r-oldrel-windows-ix86+x86_64 | 3.0.0 | 6.00 | 48.00 | 54.00 | OK |
Version: 3.0.0
Check: dependencies in R code
Result: NOTE
Namespace in Imports field not imported from: ‘stats’
All declared Imports should be used.
Flavors: r-devel-linux-x86_64-fedora-clang, r-devel-linux-x86_64-fedora-gcc, r-release-macos-arm64, r-release-macos-x86_64, r-oldrel-macos-arm64, r-oldrel-macos-x86_64