CRAN Package Check Results for Package shinyKGode

Last updated on 2019-09-22 19:51:31 CEST.

Flavor Version Tinstall Tcheck Ttotal Status Flags
r-devel-linux-x86_64-debian-clang 1.0.5 1.96 17.05 19.01 OK
r-devel-linux-x86_64-debian-gcc 1.0.5 1.55 14.11 15.66 OK
r-devel-linux-x86_64-fedora-clang 1.0.5 25.04 NOTE
r-devel-linux-x86_64-fedora-gcc 1.0.5 23.43 NOTE
r-devel-windows-ix86+x86_64 1.0.5 16.00 28.00 44.00 OK
r-patched-linux-x86_64 1.0.5 1.71 16.57 18.28 OK
r-patched-solaris-x86 1.0.5 38.30 NOTE
r-release-linux-x86_64 1.0.5 1.57 17.03 18.60 OK
r-release-windows-ix86+x86_64 1.0.5 10.00 40.00 50.00 OK
r-release-osx-x86_64 1.0.5 NOTE
r-oldrel-windows-ix86+x86_64 1.0.5 4.00 28.00 32.00 OK
r-oldrel-osx-x86_64 1.0.5 NOTE

Check Details

Version: 1.0.5
Check: dependencies in R code
Result: NOTE
    Namespaces in Imports field not imported from:
     ‘KGode’ ‘XML’ ‘ggplot2’ ‘gridExtra’ ‘mvtnorm’ ‘reshape2’ ‘shinyjs’
     All declared Imports should be used.
Flavors: r-devel-linux-x86_64-fedora-clang, r-devel-linux-x86_64-fedora-gcc, r-patched-solaris-x86, r-release-osx-x86_64, r-oldrel-osx-x86_64