CRAN Package Check Results for Package shinyCyJS

Last updated on 2023-06-09 18:52:11 CEST.

Flavor Version Tinstall Tcheck Ttotal Status Flags
r-devel-linux-x86_64-debian-clang 0.0.11 3.58 29.68 33.26 NOTE
r-devel-linux-x86_64-debian-gcc 0.0.11 2.67 23.58 26.25 NOTE
r-devel-linux-x86_64-fedora-clang 0.0.11 41.83 NOTE
r-devel-linux-x86_64-fedora-gcc 0.0.11 39.77 NOTE
r-devel-windows-x86_64 0.0.11 6.00 47.00 53.00 NOTE
r-patched-linux-x86_64 0.0.11 2.13 28.89 31.02 NOTE
r-release-linux-x86_64 0.0.11 2.12 28.96 31.08 NOTE
r-release-macos-arm64 0.0.11 22.00 NOTE
r-release-macos-x86_64 0.0.11 25.00 NOTE
r-release-windows-x86_64 0.0.11 5.00 49.00 54.00 NOTE
r-oldrel-macos-arm64 0.0.11 17.00 NOTE
r-oldrel-macos-x86_64 0.0.11 25.00 NOTE
r-oldrel-windows-x86_64 0.0.11 5.00 49.00 54.00 NOTE

Check Details

Version: 0.0.11
Check: LazyData
Result: NOTE
     'LazyData' is specified without a 'data' directory
Flavors: r-devel-linux-x86_64-debian-clang, r-devel-linux-x86_64-debian-gcc, r-devel-linux-x86_64-fedora-clang, r-devel-linux-x86_64-fedora-gcc, r-devel-windows-x86_64, r-patched-linux-x86_64, r-release-linux-x86_64, r-release-macos-arm64, r-release-macos-x86_64, r-release-windows-x86_64, r-oldrel-macos-arm64, r-oldrel-macos-x86_64, r-oldrel-windows-x86_64