CRAN Package Check Results for Package shinyChakraSlider

Last updated on 2023-10-02 05:06:50 CEST.

Flavor Version Tinstall Tcheck Ttotal Status Flags
r-devel-linux-x86_64-debian-clang 0.1.0 3.80 35.76 39.56 NOTE
r-devel-linux-x86_64-debian-gcc 0.1.0 4.16 28.72 32.88 NOTE
r-devel-linux-x86_64-fedora-clang 0.1.0 48.44 NOTE
r-devel-linux-x86_64-fedora-gcc 0.1.0 48.31 NOTE
r-devel-windows-x86_64 0.1.0 8.00 48.00 56.00 NOTE
r-patched-linux-x86_64 0.1.0 4.55 35.45 40.00 NOTE
r-release-linux-x86_64 0.1.0 4.27 35.09 39.36 NOTE
r-release-macos-arm64 0.1.0 19.00 NOTE
r-release-macos-x86_64 0.1.0 28.00 NOTE
r-release-windows-x86_64 0.1.0 8.00 52.00 60.00 NOTE
r-oldrel-macos-arm64 0.1.0 20.00 NOTE
r-oldrel-macos-x86_64 0.1.0 37.00 NOTE
r-oldrel-windows-x86_64 0.1.0 10.00 56.00 66.00 NOTE

Check Details

Version: 0.1.0
Check: LazyData
Result: NOTE
     'LazyData' is specified without a 'data' directory
Flavors: r-devel-linux-x86_64-debian-clang, r-devel-linux-x86_64-debian-gcc, r-devel-linux-x86_64-fedora-clang, r-devel-linux-x86_64-fedora-gcc, r-devel-windows-x86_64, r-patched-linux-x86_64, r-release-linux-x86_64, r-release-macos-arm64, r-release-macos-x86_64, r-release-windows-x86_64, r-oldrel-macos-arm64, r-oldrel-macos-x86_64, r-oldrel-windows-x86_64

Version: 0.1.0
Check: installed package size
Result: NOTE
     installed size is 9.5Mb
     sub-directories of 1Mb or more:
     www 9.4Mb
Flavors: r-devel-linux-x86_64-fedora-clang, r-devel-windows-x86_64, r-release-macos-arm64, r-release-macos-x86_64, r-release-windows-x86_64, r-oldrel-macos-arm64, r-oldrel-macos-x86_64, r-oldrel-windows-x86_64