Last updated on 2022-05-27 18:49:47 CEST.
Flavor | Version | Tinstall | Tcheck | Ttotal | Status | Flags |
---|---|---|---|---|---|---|
r-devel-linux-x86_64-debian-clang | 0.5.0 | 14.75 | 92.11 | 106.86 | OK | |
r-devel-linux-x86_64-debian-gcc | 0.5.0 | 9.74 | 70.73 | 80.47 | OK | |
r-devel-linux-x86_64-fedora-clang | 0.5.0 | 123.92 | OK | |||
r-devel-linux-x86_64-fedora-gcc | 0.5.0 | 112.54 | OK | |||
r-devel-windows-x86_64 | 0.5.0 | 80.00 | 118.00 | 198.00 | OK | |
r-patched-linux-x86_64 | 0.5.0 | 12.16 | 88.71 | 100.87 | OK | |
r-release-linux-x86_64 | 0.5.0 | 8.89 | 88.05 | 96.94 | OK | |
r-release-macos-arm64 | 0.5.0 | 40.00 | OK | |||
r-release-macos-x86_64 | 0.5.0 | 6.00 | ERROR | |||
r-release-windows-x86_64 | 0.5.0 | 75.00 | 129.00 | 204.00 | OK | |
r-oldrel-macos-arm64 | 0.5.0 | 33.00 | OK | |||
r-oldrel-macos-x86_64 | 0.5.0 | 50.00 | OK | |||
r-oldrel-windows-ix86+x86_64 | 0.5.0 | 27.00 | 109.00 | 136.00 | OK |
Version: 0.5.0
Check: package dependencies
Result: ERROR
Package required but not available: ‘scrypt’
See section ‘The DESCRIPTION file’ in the ‘Writing R Extensions’
manual.
Flavor: r-release-macos-x86_64