CRAN Package Check Results for Package shattering

Last updated on 2021-04-16 00:47:28 CEST.

Flavor Version Tinstall Tcheck Ttotal Status Flags
r-devel-linux-x86_64-debian-clang 1.0.4 1.87 26.28 28.15 NOTE
r-devel-linux-x86_64-debian-gcc 1.0.4 1.98 20.46 22.44 NOTE
r-devel-linux-x86_64-fedora-clang 1.0.4 45.29 NOTE
r-devel-linux-x86_64-fedora-gcc 1.0.4 33.93 NOTE
r-devel-windows-ix86+x86_64 1.0.4 6.00 37.00 43.00 NOTE
r-devel-windows-x86_64-gcc10-UCRT 1.0.4 NOTE
r-patched-linux-x86_64 1.0.4 2.62 24.95 27.57 OK
r-patched-solaris-x86 1.0.4 53.30 OK
r-release-linux-x86_64 1.0.4 2.15 25.17 27.32 OK
r-release-macos-x86_64 1.0.4 OK
r-release-windows-ix86+x86_64 1.0.4 14.00 47.00 61.00 OK
r-oldrel-macos-x86_64 1.0.4 OK
r-oldrel-windows-ix86+x86_64 1.0.4 4.00 31.00 35.00 OK

Check Details

Version: 1.0.4
Check: LazyData
Result: NOTE
     'LazyData' is specified without a 'data' directory
Flavors: r-devel-linux-x86_64-debian-clang, r-devel-linux-x86_64-debian-gcc, r-devel-linux-x86_64-fedora-clang, r-devel-linux-x86_64-fedora-gcc, r-devel-windows-ix86+x86_64, r-devel-windows-x86_64-gcc10-UCRT