CRAN Package Check Results for Package shapefiles

Last updated on 2020-06-04 14:47:46 CEST.

Flavor Version Tinstall Tcheck Ttotal Status Flags
r-devel-linux-x86_64-debian-clang 0.7 2.69 20.72 23.41 NOTE
r-devel-linux-x86_64-debian-gcc 0.7 2.13 17.27 19.40 NOTE
r-devel-linux-x86_64-fedora-clang 0.7 39.47 NOTE
r-devel-linux-x86_64-fedora-gcc 0.7 28.03 NOTE
r-devel-windows-ix86+x86_64 0.7 9.00 47.00 56.00 NOTE
r-patched-linux-x86_64 0.7 2.44 20.93 23.37 NOTE
r-patched-solaris-x86 0.7 42.40 NOTE
r-release-linux-x86_64 0.7 3.03 20.76 23.79 NOTE
r-release-osx-x86_64 0.7 NOTE
r-release-windows-ix86+x86_64 0.7 5.00 31.00 36.00 NOTE
r-oldrel-osx-x86_64 0.7 NOTE
r-oldrel-windows-ix86+x86_64 0.7 10.00 43.00 53.00 NOTE

Check Details

Version: 0.7
Check: DESCRIPTION meta-information
Result: NOTE
    Malformed Description field: should contain one or more complete sentences.
Flavors: r-devel-linux-x86_64-debian-clang, r-devel-linux-x86_64-debian-gcc, r-devel-linux-x86_64-fedora-clang, r-devel-linux-x86_64-fedora-gcc, r-devel-windows-ix86+x86_64, r-patched-linux-x86_64, r-patched-solaris-x86, r-release-linux-x86_64, r-release-osx-x86_64, r-release-windows-ix86+x86_64, r-oldrel-osx-x86_64, r-oldrel-windows-ix86+x86_64

Version: 0.7
Check: dependencies in R code
Result: NOTE
    'library' or 'require' call to 'foreign' which was already attached by Depends.
     Please remove these calls from your code.
Flavors: r-devel-linux-x86_64-debian-clang, r-devel-linux-x86_64-debian-gcc, r-devel-linux-x86_64-fedora-clang, r-devel-linux-x86_64-fedora-gcc, r-devel-windows-ix86+x86_64, r-patched-linux-x86_64, r-patched-solaris-x86, r-release-linux-x86_64, r-release-osx-x86_64, r-release-windows-ix86+x86_64, r-oldrel-osx-x86_64, r-oldrel-windows-ix86+x86_64