CRAN Package Check Results for Package shapefiles

Last updated on 2019-05-21 18:56:44 CEST.

Flavor Version Tinstall Tcheck Ttotal Status Flags
r-devel-linux-x86_64-debian-clang 0.7 2.05 19.26 21.31 NOTE
r-devel-linux-x86_64-debian-gcc 0.7 1.81 15.71 17.52 NOTE
r-devel-linux-x86_64-fedora-clang 0.7 26.83 NOTE
r-devel-linux-x86_64-fedora-gcc 0.7 24.98 NOTE
r-devel-windows-ix86+x86_64 0.7 8.00 32.00 40.00 NOTE
r-patched-linux-x86_64 0.7 2.41 19.29 21.70 NOTE
r-patched-solaris-x86 0.7 38.90 NOTE
r-release-linux-x86_64 0.7 2.44 19.02 21.46 NOTE
r-release-windows-ix86+x86_64 0.7 7.00 30.00 37.00 NOTE
r-release-osx-x86_64 0.7 NOTE
r-oldrel-windows-ix86+x86_64 0.7 3.00 30.00 33.00 NOTE
r-oldrel-osx-x86_64 0.7 NOTE

Check Details

Version: 0.7
Check: DESCRIPTION meta-information
Result: NOTE
    Malformed Description field: should contain one or more complete sentences.
Flavors: r-devel-linux-x86_64-debian-clang, r-devel-linux-x86_64-debian-gcc, r-devel-linux-x86_64-fedora-clang, r-devel-linux-x86_64-fedora-gcc, r-devel-windows-ix86+x86_64, r-patched-linux-x86_64, r-patched-solaris-x86, r-release-linux-x86_64, r-release-windows-ix86+x86_64, r-release-osx-x86_64, r-oldrel-windows-ix86+x86_64, r-oldrel-osx-x86_64

Version: 0.7
Check: dependencies in R code
Result: NOTE
    'library' or 'require' call to 'foreign' which was already attached by Depends.
     Please remove these calls from your code.
Flavors: r-devel-linux-x86_64-debian-clang, r-devel-linux-x86_64-debian-gcc, r-devel-linux-x86_64-fedora-clang, r-devel-linux-x86_64-fedora-gcc, r-devel-windows-ix86+x86_64, r-patched-linux-x86_64, r-patched-solaris-x86, r-release-linux-x86_64, r-release-windows-ix86+x86_64, r-release-osx-x86_64, r-oldrel-windows-ix86+x86_64, r-oldrel-osx-x86_64