CRAN Package Check Results for Package shapefiles

Last updated on 2019-07-23 06:47:48 CEST.

Flavor Version Tinstall Tcheck Ttotal Status Flags
r-devel-linux-x86_64-debian-clang 0.7 1.94 19.29 21.23 NOTE
r-devel-linux-x86_64-debian-gcc 0.7 1.81 15.85 17.66 NOTE
r-devel-linux-x86_64-fedora-clang 0.7 27.35 NOTE
r-devel-linux-x86_64-fedora-gcc 0.7 25.22 NOTE
r-devel-windows-ix86+x86_64 0.7 5.00 33.00 38.00 NOTE
r-patched-linux-x86_64 0.7 2.46 19.32 21.78 NOTE
r-patched-solaris-x86 0.7 40.30 NOTE
r-release-linux-x86_64 0.7 2.27 18.93 21.20 NOTE
r-release-windows-ix86+x86_64 0.7 6.00 44.00 50.00 NOTE
r-release-osx-x86_64 0.7 NOTE
r-oldrel-windows-ix86+x86_64 0.7 3.00 30.00 33.00 NOTE
r-oldrel-osx-x86_64 0.7 NOTE

Check Details

Version: 0.7
Check: DESCRIPTION meta-information
Result: NOTE
    Malformed Description field: should contain one or more complete sentences.
Flavors: r-devel-linux-x86_64-debian-clang, r-devel-linux-x86_64-debian-gcc, r-devel-linux-x86_64-fedora-clang, r-devel-linux-x86_64-fedora-gcc, r-devel-windows-ix86+x86_64, r-patched-linux-x86_64, r-patched-solaris-x86, r-release-linux-x86_64, r-release-windows-ix86+x86_64, r-release-osx-x86_64, r-oldrel-windows-ix86+x86_64, r-oldrel-osx-x86_64

Version: 0.7
Check: dependencies in R code
Result: NOTE
    'library' or 'require' call to 'foreign' which was already attached by Depends.
     Please remove these calls from your code.
Flavors: r-devel-linux-x86_64-debian-clang, r-devel-linux-x86_64-debian-gcc, r-devel-linux-x86_64-fedora-clang, r-devel-linux-x86_64-fedora-gcc, r-devel-windows-ix86+x86_64, r-patched-linux-x86_64, r-patched-solaris-x86, r-release-linux-x86_64, r-release-windows-ix86+x86_64, r-release-osx-x86_64, r-oldrel-windows-ix86+x86_64, r-oldrel-osx-x86_64