CRAN Package Check Results for Package shallot

Last updated on 2019-12-14 03:49:11 CET.

Flavor Version Tinstall Tcheck Ttotal Status Flags
r-devel-linux-x86_64-debian-clang 0.4.7 38.89 635.26 674.15 OK
r-devel-linux-x86_64-debian-gcc 0.4.7 32.17 493.93 526.10 OK
r-devel-linux-x86_64-fedora-clang 0.4.7 766.74 OK
r-devel-linux-x86_64-fedora-gcc 0.4.7 769.47 OK
r-devel-windows-ix86+x86_64 0.4.7 263.00 435.00 698.00 NOTE
r-devel-windows-ix86+x86_64-gcc8 0.4.7 87.00 443.00 530.00 NOTE
r-patched-linux-x86_64 0.4.7 39.56 616.87 656.43 OK
r-release-linux-x86_64 0.4.7 37.37 612.37 649.74 OK
r-release-windows-ix86+x86_64 0.4.7 90.00 405.00 495.00 NOTE
r-release-osx-x86_64 0.4.7 OK
r-oldrel-windows-ix86+x86_64 0.4.7 46.00 441.00 487.00 NOTE
r-oldrel-osx-x86_64 0.4.7 OK

Check Details

Version: 0.4.7
Check: R code for possible problems
Result: NOTE
    trying URL 'https://downloads.lightbend.com/scala/2.13.1/scala-2.13.1.tgz'
    Content type 'application/octet-stream' length 19685743 bytes (18.8 MB)
    ==================================================
    downloaded 18.8 MB
Flavors: r-devel-windows-ix86+x86_64, r-devel-windows-ix86+x86_64-gcc8, r-release-windows-ix86+x86_64, r-oldrel-windows-ix86+x86_64