CRAN Package Check Results for Package sgmodel

Last updated on 2019-05-22 20:48:08 CEST.

Flavor Version Tinstall Tcheck Ttotal Status Flags
r-devel-linux-x86_64-debian-clang 0.1.0 4.34 44.38 48.72 OK
r-devel-linux-x86_64-debian-gcc 0.1.0 3.48 35.23 38.71 OK
r-devel-linux-x86_64-fedora-clang 0.1.0 61.28 NOTE
r-devel-linux-x86_64-fedora-gcc 0.1.0 55.51 NOTE
r-devel-windows-ix86+x86_64 0.1.0 9.00 86.00 95.00 OK
r-patched-linux-x86_64 0.1.0 3.58 43.14 46.72 OK
r-patched-solaris-x86 0.1.0 96.80 NOTE
r-release-linux-x86_64 0.1.0 4.24 43.38 47.62 OK
r-release-windows-ix86+x86_64 0.1.0 17.00 81.00 98.00 OK
r-release-osx-x86_64 0.1.0 NOTE
r-oldrel-windows-ix86+x86_64 0.1.0 6.00 54.00 60.00 OK
r-oldrel-osx-x86_64 0.1.0 NOTE

Check Details

Version: 0.1.0
Check: dependencies in R code
Result: NOTE
    Namespace in Imports field not imported from: ‘tidyverse’
     All declared Imports should be used.
Flavors: r-devel-linux-x86_64-fedora-clang, r-devel-linux-x86_64-fedora-gcc, r-patched-solaris-x86, r-release-osx-x86_64, r-oldrel-osx-x86_64