CRAN Package Check Results for Package sgmodel

Last updated on 2019-03-20 22:48:11 CET.

Flavor Version Tinstall Tcheck Ttotal Status Flags
r-devel-linux-x86_64-debian-clang 0.1.0 4.48 43.51 47.99 OK
r-devel-linux-x86_64-debian-gcc 0.1.0 3.28 33.83 37.11 OK
r-devel-linux-x86_64-fedora-clang 0.1.0 57.41 NOTE
r-devel-linux-x86_64-fedora-gcc 0.1.0 54.72 NOTE
r-devel-windows-ix86+x86_64 0.1.0 14.00 77.00 91.00 OK
r-patched-linux-x86_64 0.1.0 2.80 41.08 43.88 OK
r-patched-solaris-x86 0.1.0 89.60 NOTE
r-release-linux-x86_64 0.1.0 2.30 40.72 43.02 OK
r-release-windows-ix86+x86_64 0.1.0 8.00 81.00 89.00 OK
r-release-osx-x86_64 0.1.0 NOTE
r-oldrel-windows-ix86+x86_64 0.1.0 8.00 92.00 100.00 OK
r-oldrel-osx-x86_64 0.1.0 NOTE

Check Details

Version: 0.1.0
Check: dependencies in R code
Result: NOTE
    Namespace in Imports field not imported from: ‘tidyverse’
     All declared Imports should be used.
Flavors: r-devel-linux-x86_64-fedora-clang, r-devel-linux-x86_64-fedora-gcc, r-patched-solaris-x86, r-release-osx-x86_64, r-oldrel-osx-x86_64