Last updated on 2023-06-06 11:57:53 CEST.
Flavor | Version | Tinstall | Tcheck | Ttotal | Status | Flags |
---|---|---|---|---|---|---|
r-devel-linux-x86_64-debian-clang | 0.1.1 | 4.26 | 57.38 | 61.64 | NOTE | |
r-devel-linux-x86_64-debian-gcc | 0.1.1 | 3.86 | 43.57 | 47.43 | NOTE | |
r-devel-linux-x86_64-fedora-clang | 0.1.1 | 77.68 | NOTE | |||
r-devel-linux-x86_64-fedora-gcc | 0.1.1 | 85.68 | NOTE | |||
r-devel-windows-x86_64 | 0.1.1 | 7.00 | 63.00 | 70.00 | NOTE | |
r-patched-linux-x86_64 | 0.1.1 | 4.34 | 54.10 | 58.44 | NOTE | |
r-release-linux-x86_64 | 0.1.1 | 5.28 | 53.50 | 58.78 | NOTE | |
r-release-macos-arm64 | 0.1.1 | 34.00 | NOTE | |||
r-release-macos-x86_64 | 0.1.1 | 51.00 | NOTE | |||
r-release-windows-x86_64 | 0.1.1 | 7.00 | 75.00 | 82.00 | NOTE | |
r-oldrel-macos-arm64 | 0.1.1 | 28.00 | NOTE | |||
r-oldrel-macos-x86_64 | 0.1.1 | 51.00 | NOTE | |||
r-oldrel-windows-x86_64 | 0.1.1 | 8.00 | 77.00 | 85.00 | NOTE |
Version: 0.1.1
Check: LazyData
Result: NOTE
'LazyData' is specified without a 'data' directory
Flavors: r-devel-linux-x86_64-debian-clang, r-devel-linux-x86_64-debian-gcc, r-devel-linux-x86_64-fedora-clang, r-devel-linux-x86_64-fedora-gcc, r-devel-windows-x86_64, r-patched-linux-x86_64, r-release-linux-x86_64, r-release-macos-arm64, r-release-macos-x86_64, r-release-windows-x86_64, r-oldrel-macos-arm64, r-oldrel-macos-x86_64, r-oldrel-windows-x86_64