CRAN Package Check Results for Package sglr

Last updated on 2020-06-01 07:48:17 CEST.

Flavor Version Tinstall Tcheck Ttotal Status Flags
r-devel-linux-x86_64-debian-clang 0.7 5.35 43.89 49.24 NOTE
r-devel-linux-x86_64-debian-gcc 0.7 4.36 39.90 44.26 NOTE
r-devel-linux-x86_64-fedora-clang 0.7 79.56 NOTE
r-devel-linux-x86_64-fedora-gcc 0.7 69.16 NOTE
r-devel-windows-ix86+x86_64 0.7 18.00 121.00 139.00 NOTE
r-patched-linux-x86_64 0.7 4.89 51.66 56.55 NOTE
r-patched-solaris-x86 0.7 100.50 NOTE
r-release-linux-x86_64 0.7 4.92 48.37 53.29 NOTE
r-release-osx-x86_64 0.7 NOTE
r-release-windows-ix86+x86_64 0.7 15.00 93.00 108.00 NOTE
r-oldrel-osx-x86_64 0.7 NOTE
r-oldrel-windows-ix86+x86_64 0.7 12.00 67.00 79.00 NOTE

Check Details

Version: 0.7
Check: DESCRIPTION meta-information
Result: NOTE
    Malformed Description field: should contain one or more complete sentences.
Flavors: r-devel-linux-x86_64-debian-clang, r-devel-linux-x86_64-debian-gcc, r-devel-linux-x86_64-fedora-clang, r-devel-linux-x86_64-fedora-gcc, r-devel-windows-ix86+x86_64, r-patched-linux-x86_64, r-patched-solaris-x86, r-release-linux-x86_64, r-release-osx-x86_64, r-release-windows-ix86+x86_64, r-oldrel-osx-x86_64, r-oldrel-windows-ix86+x86_64

Version: 0.7
Check: R code for possible problems
Result: NOTE
    .computePStar: no visible global function definition for 'uniroot'
    plotBoundary: no visible global function definition for
     'scale_y_continuous'
    Undefined global functions or variables:
     scale_y_continuous uniroot
    Consider adding
     importFrom("stats", "uniroot")
    to your NAMESPACE file.
Flavors: r-devel-linux-x86_64-debian-clang, r-devel-linux-x86_64-debian-gcc, r-devel-linux-x86_64-fedora-clang, r-devel-linux-x86_64-fedora-gcc, r-devel-windows-ix86+x86_64, r-patched-linux-x86_64, r-patched-solaris-x86, r-release-linux-x86_64, r-release-osx-x86_64, r-release-windows-ix86+x86_64, r-oldrel-osx-x86_64, r-oldrel-windows-ix86+x86_64