CRAN Package Check Results for Package sglr

Last updated on 2019-09-22 19:51:31 CEST.

Flavor Version Tinstall Tcheck Ttotal Status Flags
r-devel-linux-x86_64-debian-clang 0.7 3.99 44.81 48.80 NOTE
r-devel-linux-x86_64-debian-gcc 0.7 3.99 34.79 38.78 NOTE
r-devel-linux-x86_64-fedora-clang 0.7 63.55 NOTE
r-devel-linux-x86_64-fedora-gcc 0.7 58.98 NOTE
r-devel-windows-ix86+x86_64 0.7 27.00 57.00 84.00 NOTE
r-patched-linux-x86_64 0.7 4.31 44.22 48.53 NOTE
r-patched-solaris-x86 0.7 85.40 NOTE
r-release-linux-x86_64 0.7 3.74 44.98 48.72 NOTE
r-release-windows-ix86+x86_64 0.7 21.00 78.00 99.00 NOTE
r-release-osx-x86_64 0.7 NOTE
r-oldrel-windows-ix86+x86_64 0.7 9.00 58.00 67.00 NOTE
r-oldrel-osx-x86_64 0.7 NOTE

Check Details

Version: 0.7
Check: DESCRIPTION meta-information
Result: NOTE
    Malformed Description field: should contain one or more complete sentences.
Flavors: r-devel-linux-x86_64-debian-clang, r-devel-linux-x86_64-debian-gcc, r-devel-linux-x86_64-fedora-clang, r-devel-linux-x86_64-fedora-gcc, r-devel-windows-ix86+x86_64, r-patched-linux-x86_64, r-patched-solaris-x86, r-release-linux-x86_64, r-release-windows-ix86+x86_64, r-release-osx-x86_64, r-oldrel-windows-ix86+x86_64, r-oldrel-osx-x86_64

Version: 0.7
Check: R code for possible problems
Result: NOTE
    .computePStar: no visible global function definition for 'uniroot'
    plotBoundary: no visible global function definition for
     'scale_y_continuous'
    Undefined global functions or variables:
     scale_y_continuous uniroot
    Consider adding
     importFrom("stats", "uniroot")
    to your NAMESPACE file.
Flavors: r-devel-linux-x86_64-debian-clang, r-devel-linux-x86_64-debian-gcc, r-devel-linux-x86_64-fedora-clang, r-devel-linux-x86_64-fedora-gcc, r-devel-windows-ix86+x86_64, r-patched-linux-x86_64, r-patched-solaris-x86, r-release-linux-x86_64, r-release-windows-ix86+x86_64, r-release-osx-x86_64, r-oldrel-windows-ix86+x86_64, r-oldrel-osx-x86_64