CRAN Package Check Results for Package sglOptim

Last updated on 2021-12-03 00:48:56 CET.

Flavor Version Tinstall Tcheck Ttotal Status Flags
r-devel-linux-x86_64-debian-clang 1.3.8 92.99 76.08 169.07 OK
r-devel-linux-x86_64-debian-gcc 1.3.8 52.58 58.55 111.13 OK
r-devel-linux-x86_64-fedora-clang 1.3.8 238.94 NOTE
r-devel-linux-x86_64-fedora-gcc 1.3.8 182.99 OK
r-devel-windows-x86_64-new-UL 1.3.8 95.00 152.00 247.00 OK
r-devel-windows-x86_64-new-TK 1.3.8 OK
r-devel-windows-x86_64-old 1.3.8 76.00 91.00 167.00 OK
r-patched-linux-x86_64 1.3.8 58.40 72.80 131.20 OK
r-patched-solaris-x86 1.3.8 210.70 OK
r-release-linux-x86_64 1.3.8 57.11 73.66 130.77 OK
r-release-macos-arm64 1.3.8 NOTE
r-release-macos-x86_64 1.3.8 NOTE
r-release-windows-ix86+x86_64 1.3.8 145.00 148.00 293.00 OK
r-oldrel-macos-x86_64 1.3.8 NOTE
r-oldrel-windows-ix86+x86_64 1.3.8 153.00 140.00 293.00 OK

Check Details

Version: 1.3.8
Check: installed package size
Result: NOTE
     installed size is 10.6Mb
     sub-directories of 1Mb or more:
     libs 9.1Mb
Flavors: r-devel-linux-x86_64-fedora-clang, r-release-macos-arm64, r-release-macos-x86_64, r-oldrel-macos-x86_64