Last updated on 2023-12-08 18:55:50 CET.
Flavor | Version | Tinstall | Tcheck | Ttotal | Status | Flags |
---|---|---|---|---|---|---|
r-devel-linux-x86_64-debian-clang | 1.0-27 | 5.19 | 34.92 | 40.11 | OK | |
r-devel-linux-x86_64-debian-gcc | 1.0-27 | 2.99 | 27.14 | 30.13 | OK | |
r-devel-linux-x86_64-fedora-clang | 1.0-27 | 51.29 | NOTE | |||
r-devel-linux-x86_64-fedora-gcc | 1.0-27 | 47.55 | NOTE | |||
r-devel-windows-x86_64 | 1.0-27 | 6.00 | 52.00 | 58.00 | OK | |
r-patched-linux-x86_64 | 1.0-27 | 4.58 | 34.86 | 39.44 | OK | |
r-release-linux-x86_64 | 1.0-27 | 3.75 | 35.00 | 38.75 | OK | |
r-release-macos-arm64 | 1.0-27 | 21.00 | OK | |||
r-release-macos-x86_64 | 1.0-27 | 32.00 | NOTE | |||
r-release-windows-x86_64 | 1.0-27 | 10.00 | 57.00 | 67.00 | OK | |
r-oldrel-macos-arm64 | 1.0-27 | 22.00 | OK | |||
r-oldrel-macos-x86_64 | 1.0-27 | 28.00 | OK | |||
r-oldrel-windows-x86_64 | 1.0-27 | 11.00 | 63.00 | 74.00 | OK |
Version: 1.0-27
Check: Rd cross-references
Result: NOTE
Undeclared package ‘tripack’ in Rd xrefs
Flavor: r-devel-linux-x86_64-fedora-clang
Version: 1.0-27
Check: compiled code
Result: NOTE
File ‘sgeostat/libs/sgeostat.so’:
Found no calls to: ‘R_registerRoutines’, ‘R_useDynamicSymbols’
It is good practice to register native routines and to disable symbol
search.
See ‘Writing portable packages’ in the ‘Writing R Extensions’ manual.
Flavors: r-devel-linux-x86_64-fedora-clang, r-devel-linux-x86_64-fedora-gcc
Version: 1.0-27
Check: Rd cross-references
Result: NOTE
Package unavailable to check Rd xrefs: ‘tripack’
Flavor: r-release-macos-x86_64